Last updated on 2024-05-07 12:56:11 CEST.
Flavor | Version | Tinstall | Tcheck | Ttotal | Status | Flags |
---|---|---|---|---|---|---|
r-devel-linux-x86_64-debian-clang | 1.1.1 | 68.98 | 37.00 | 105.98 | OK | |
r-devel-linux-x86_64-debian-gcc | 1.1.1 | 54.71 | 28.31 | 83.02 | OK | |
r-devel-linux-x86_64-fedora-clang | 1.1.1 | 161.64 | NOTE | |||
r-devel-linux-x86_64-fedora-gcc | 1.1.1 | 199.14 | NOTE | |||
r-devel-windows-x86_64 | 1.1.1 | 58.00 | 68.00 | 126.00 | OK | |
r-patched-linux-x86_64 | 1.1.1 | 70.57 | 35.63 | 106.20 | OK | |
r-release-linux-x86_64 | 1.1.1 | 73.19 | 35.49 | 108.68 | OK | |
r-release-macos-arm64 | 1.1.1 | 34.00 | OK | |||
r-release-windows-x86_64 | 1.1.1 | 53.00 | 70.00 | 123.00 | OK | |
r-oldrel-macos-arm64 | 1.1.1 | 43.00 | OK | |||
r-oldrel-macos-x86_64 | 1.1.1 | 72.00 | OK | |||
r-oldrel-windows-x86_64 | 1.1.1 | 67.00 | 77.00 | 144.00 | OK |
Version: 1.1.1
Check: compiled code
Result: NOTE
File ‘grove/libs/grove.so’:
Found no calls to: ‘R_registerRoutines’, ‘R_useDynamicSymbols’
It is good practice to register native routines and to disable symbol
search.
See ‘Writing portable packages’ in the ‘Writing R Extensions’ manual.
Flavors: r-devel-linux-x86_64-fedora-clang, r-devel-linux-x86_64-fedora-gcc