Last updated on 2024-05-07 01:53:16 CEST.
Flavor | Version | Tinstall | Tcheck | Ttotal | Status | Flags |
---|---|---|---|---|---|---|
r-devel-linux-x86_64-debian-clang | 2.0.1 | 61.90 | 44.39 | 106.29 | NOTE | |
r-devel-linux-x86_64-debian-gcc | 2.0.1 | 52.56 | 35.23 | 87.79 | NOTE | |
r-devel-linux-x86_64-fedora-clang | 2.0.1 | 150.37 | NOTE | |||
r-devel-linux-x86_64-fedora-gcc | 2.0.1 | 184.52 | WARN | |||
r-devel-windows-x86_64 | 2.0.1 | 62.00 | 84.00 | 146.00 | NOTE | |
r-patched-linux-x86_64 | 2.0.1 | 60.69 | 42.77 | 103.46 | NOTE | |
r-release-linux-x86_64 | 2.0.1 | 67.30 | 42.34 | 109.64 | NOTE | |
r-release-macos-arm64 | 2.0.1 | 75.00 | NOTE | |||
r-release-macos-x86_64 | 2.0.1 | 149.00 | NOTE | |||
r-release-windows-x86_64 | 2.0.1 | 60.00 | 81.00 | 141.00 | NOTE | |
r-oldrel-macos-arm64 | 2.0.1 | 81.00 | NOTE | |||
r-oldrel-macos-x86_64 | 2.0.1 | 134.00 | NOTE | |||
r-oldrel-windows-x86_64 | 2.0.1 | 73.00 | 90.00 | 163.00 | NOTE |
Version: 2.0.1
Check: C++ specification
Result: NOTE
Specified C++14: please drop specification unless essential
Flavors: r-devel-linux-x86_64-debian-clang, r-devel-linux-x86_64-debian-gcc, r-devel-linux-x86_64-fedora-clang, r-devel-linux-x86_64-fedora-gcc, r-devel-windows-x86_64, r-patched-linux-x86_64, r-release-linux-x86_64, r-release-macos-arm64, r-release-macos-x86_64, r-release-windows-x86_64, r-oldrel-macos-arm64, r-oldrel-macos-x86_64, r-oldrel-windows-x86_64
Version: 2.0.1
Check: compiled code
Result: NOTE
File ‘httpgd/libs/httpgd.so’:
Found non-API calls to R: ‘SETLENGTH’, ‘SET_TRUELENGTH’
Compiled code should not call non-API entry points in R.
See ‘Writing portable packages’ in the ‘Writing R Extensions’ manual.
Flavors: r-devel-linux-x86_64-debian-clang, r-devel-linux-x86_64-debian-gcc, r-devel-linux-x86_64-fedora-clang, r-devel-linux-x86_64-fedora-gcc
Version: 2.0.1
Check: whether package can be installed
Result: WARN
Found the following significant warnings:
lib/crow/http_parser_merged.h:1925:9: warning: '((crow::http_parser*)((char*)<unknown> + 24))[105].crow::http_parser::data' is used uninitialized [-Wuninitialized]
See ‘/data/gannet/ripley/R/packages/tests-devel/httpgd.Rcheck/00install.out’ for details.
* used C++ compiler: ‘g++-14 (GCC) 14.0.1 20240503 (prerelease)’
Flavor: r-devel-linux-x86_64-fedora-gcc
Version: 2.0.1
Check: compiled code
Result: NOTE
File 'httpgd/libs/x64/httpgd.dll':
Found non-API calls to R: 'SETLENGTH', 'SET_TRUELENGTH'
Compiled code should not call non-API entry points in R.
See 'Writing portable packages' in the 'Writing R Extensions' manual.
Flavor: r-devel-windows-x86_64
Version: 2.0.1
Check: installed package size
Result: NOTE
installed size is 10.0Mb
sub-directories of 1Mb or more:
libs 9.4Mb
Flavors: r-release-macos-arm64, r-release-macos-x86_64, r-oldrel-macos-arm64, r-oldrel-macos-x86_64