Last updated on 2024-05-07 12:56:12 CEST.
Flavor | Version | Tinstall | Tcheck | Ttotal | Status | Flags |
---|---|---|---|---|---|---|
r-devel-linux-x86_64-debian-clang | 1.7 | 9.51 | 65.78 | 75.29 | OK | |
r-devel-linux-x86_64-debian-gcc | 1.7 | 6.36 | 50.76 | 57.12 | OK | |
r-devel-linux-x86_64-fedora-clang | 1.7 | 95.45 | NOTE | |||
r-devel-linux-x86_64-fedora-gcc | 1.7 | 136.62 | NOTE | |||
r-devel-windows-x86_64 | 1.7 | 9.00 | 68.00 | 77.00 | OK | |
r-patched-linux-x86_64 | 1.7 | 8.52 | 61.36 | 69.88 | OK | |
r-release-linux-x86_64 | 1.7 | 5.43 | 62.48 | 67.91 | OK | |
r-release-macos-arm64 | 1.7 | 31.00 | OK | |||
r-release-windows-x86_64 | 1.7 | 9.00 | 68.00 | 77.00 | OK | |
r-oldrel-macos-arm64 | 1.7 | 37.00 | OK | |||
r-oldrel-macos-x86_64 | 1.7 | 72.00 | OK | |||
r-oldrel-windows-x86_64 | 1.7 | 11.00 | 77.00 | 88.00 | OK |
Version: 1.7
Check: dependencies in R code
Result: NOTE
Namespace in Imports field not imported from: ‘readr’
All declared Imports should be used.
Flavors: r-devel-linux-x86_64-fedora-clang, r-devel-linux-x86_64-fedora-gcc