Last updated on 2024-05-07 12:56:12 CEST.
Flavor | Version | Tinstall | Tcheck | Ttotal | Status | Flags |
---|---|---|---|---|---|---|
r-devel-linux-x86_64-debian-clang | 0.7.4 | 102.09 | 102.66 | 204.75 | OK | |
r-devel-linux-x86_64-debian-gcc | 0.7.4 | 83.68 | 82.36 | 166.04 | OK | |
r-devel-linux-x86_64-fedora-clang | 0.7.4 | 272.26 | OK | |||
r-devel-linux-x86_64-fedora-gcc | 0.7.4 | 361.94 | OK | |||
r-devel-windows-x86_64 | 0.7.4 | 81.00 | 115.00 | 196.00 | OK | |
r-patched-linux-x86_64 | 0.7.4 | 105.86 | 102.07 | 207.93 | OK | |
r-release-linux-x86_64 | 0.7.4 | 104.63 | 101.14 | 205.77 | OK | |
r-release-macos-arm64 | 0.7.4 | 71.00 | NOTE | |||
r-release-macos-x86_64 | 0.7.4 | 153.00 | NOTE | |||
r-release-windows-x86_64 | 0.7.4 | 76.00 | 115.00 | 191.00 | OK | |
r-oldrel-macos-arm64 | 0.7.4 | 75.00 | NOTE | |||
r-oldrel-macos-x86_64 | 0.7.4 | 143.00 | NOTE | |||
r-oldrel-windows-x86_64 | 0.7.4 | 95.00 | 139.00 | 234.00 | OK |
Version: 0.7.4
Check: installed package size
Result: NOTE
installed size is 13.5Mb
sub-directories of 1Mb or more:
libs 12.2Mb
Flavors: r-release-macos-arm64, r-release-macos-x86_64, r-oldrel-macos-arm64, r-oldrel-macos-x86_64