Last updated on 2024-05-07 12:56:12 CEST.
Flavor | Version | Tinstall | Tcheck | Ttotal | Status | Flags |
---|---|---|---|---|---|---|
r-devel-linux-x86_64-debian-clang | 0.1.0 | 5.48 | 46.00 | 51.48 | OK | |
r-devel-linux-x86_64-debian-gcc | 0.1.0 | 4.18 | 35.21 | 39.39 | OK | |
r-devel-linux-x86_64-fedora-clang | 0.1.0 | 63.35 | NOTE | |||
r-devel-linux-x86_64-fedora-gcc | 0.1.0 | 83.57 | NOTE | |||
r-devel-windows-x86_64 | 0.1.0 | 6.00 | 61.00 | 67.00 | OK | |
r-patched-linux-x86_64 | 0.1.0 | 3.85 | 43.19 | 47.04 | OK | |
r-release-linux-x86_64 | 0.1.0 | 3.02 | 43.86 | 46.88 | OK | |
r-release-macos-arm64 | 0.1.0 | 22.00 | OK | |||
r-release-windows-x86_64 | 0.1.0 | 6.00 | 61.00 | 67.00 | OK | |
r-oldrel-macos-arm64 | 0.1.0 | 23.00 | OK | |||
r-oldrel-macos-x86_64 | 0.1.0 | 29.00 | OK | |||
r-oldrel-windows-x86_64 | 0.1.0 | 7.00 | 62.00 | 69.00 | OK |
Version: 0.1.0
Check: data for non-ASCII characters
Result: NOTE
Note: found 1984 marked UTF-8 strings
Flavors: r-devel-linux-x86_64-fedora-clang, r-devel-linux-x86_64-fedora-gcc