Last updated on 2024-05-05 13:55:45 CEST.
Flavor | Version | Tinstall | Tcheck | Ttotal | Status | Flags |
---|---|---|---|---|---|---|
r-devel-linux-x86_64-debian-clang | 2.6.0 | 7.73 | 50.65 | 58.38 | OK | |
r-devel-linux-x86_64-debian-gcc | 2.6.0 | 6.78 | 37.94 | 44.72 | OK | |
r-devel-linux-x86_64-fedora-clang | 2.6.0 | 68.77 | NOTE | |||
r-devel-linux-x86_64-fedora-gcc | 2.6.0 | 57.36 | NOTE | |||
r-devel-windows-x86_64 | 2.6.0 | 13.00 | 63.00 | 76.00 | OK | |
r-patched-linux-x86_64 | 2.6.0 | 7.15 | 48.04 | 55.19 | OK | |
r-release-linux-x86_64 | 2.6.0 | 7.16 | 47.44 | 54.60 | OK | |
r-release-macos-arm64 | 2.6.0 | 29.00 | NOTE | |||
r-release-macos-x86_64 | 2.6.0 | 69.00 | NOTE | |||
r-release-windows-x86_64 | 2.6.0 | 15.00 | 63.00 | 78.00 | OK | |
r-oldrel-macos-arm64 | 2.6.0 | 32.00 | NOTE | |||
r-oldrel-macos-x86_64 | 2.6.0 | 57.00 | NOTE | |||
r-oldrel-windows-x86_64 | 2.6.0 | 16.00 | 65.00 | 81.00 | OK |
Version: 2.6.0
Check: installed package size
Result: NOTE
installed size is 7.0Mb
sub-directories of 1Mb or more:
examples 2.9Mb
htmlwidgets 1.1Mb
www 2.7Mb
Flavors: r-devel-linux-x86_64-fedora-clang, r-release-macos-arm64, r-release-macos-x86_64, r-oldrel-macos-arm64, r-oldrel-macos-x86_64
Version: 2.6.0
Check: data for non-ASCII characters
Result: NOTE
Note: found 17 marked UTF-8 strings
Flavors: r-devel-linux-x86_64-fedora-clang, r-devel-linux-x86_64-fedora-gcc