Last updated on 2024-05-07 01:53:17 CEST.
Flavor | Version | Tinstall | Tcheck | Ttotal | Status | Flags |
---|---|---|---|---|---|---|
r-devel-linux-x86_64-debian-clang | 1.2.2 | 81.38 | 38.82 | 120.20 | NOTE | |
r-devel-linux-x86_64-debian-gcc | 1.2.2 | 65.00 | 29.50 | 94.50 | NOTE | |
r-devel-linux-x86_64-fedora-clang | 1.2.2 | 172.57 | NOTE | |||
r-devel-linux-x86_64-fedora-gcc | 1.2.2 | 241.12 | NOTE | |||
r-devel-windows-x86_64 | 1.2.2 | 67.00 | 76.00 | 143.00 | NOTE | |
r-patched-linux-x86_64 | 1.2.2 | 72.41 | 36.38 | 108.79 | NOTE | |
r-release-linux-x86_64 | 1.2.2 | 79.16 | 37.27 | 116.43 | NOTE | |
r-release-macos-arm64 | 1.2.2 | 45.00 | NOTE | |||
r-release-windows-x86_64 | 1.2.2 | 64.00 | 71.00 | 135.00 | NOTE | |
r-oldrel-macos-arm64 | 1.2.2 | 55.00 | NOTE | |||
r-oldrel-macos-x86_64 | 1.2.2 | 69.00 | NOTE | |||
r-oldrel-windows-x86_64 | 1.2.2 | 64.00 | 80.00 | 144.00 | NOTE |
Version: 1.2.2
Check: C++ specification
Result: NOTE
Specified C++11: please drop specification unless essential
Flavors: r-devel-linux-x86_64-debian-clang, r-devel-linux-x86_64-debian-gcc, r-devel-linux-x86_64-fedora-clang, r-devel-linux-x86_64-fedora-gcc, r-devel-windows-x86_64, r-patched-linux-x86_64, r-release-linux-x86_64, r-release-macos-arm64, r-release-windows-x86_64, r-oldrel-macos-arm64, r-oldrel-macos-x86_64, r-oldrel-windows-x86_64
Version: 1.2.2
Check: installed package size
Result: NOTE
installed size is 5.3Mb
sub-directories of 1Mb or more:
doc 1.2Mb
libs 3.9Mb
Flavors: r-release-macos-arm64, r-oldrel-macos-arm64, r-oldrel-macos-x86_64