Last updated on 2024-05-07 01:53:17 CEST.
Flavor | Version | Tinstall | Tcheck | Ttotal | Status | Flags |
---|---|---|---|---|---|---|
r-devel-linux-x86_64-debian-clang | 2024.1-30 | 16.80 | 87.32 | 104.12 | OK | |
r-devel-linux-x86_64-debian-gcc | 2024.1-30 | 12.19 | 62.85 | 75.04 | OK | |
r-devel-linux-x86_64-fedora-clang | 2024.5-8 | 129.20 | OK | |||
r-devel-linux-x86_64-fedora-gcc | 2024.1-30 | 9.66 | ERROR | |||
r-devel-windows-x86_64 | 2024.1-30 | 7.00 | 5.00 | 12.00 | ERROR | |
r-patched-linux-x86_64 | 2024.1-30 | 13.35 | 81.59 | 94.94 | OK | |
r-release-linux-x86_64 | 2024.1-30 | 12.92 | 81.20 | 94.12 | OK | |
r-release-macos-arm64 | 2024.5-8 | 62.00 | OK | |||
r-release-macos-x86_64 | 2024.5-8 | 147.00 | OK | |||
r-release-windows-x86_64 | 2024.1-30 | 17.00 | 86.00 | 103.00 | OK | |
r-oldrel-macos-arm64 | 2024.5-8 | 75.00 | OK | |||
r-oldrel-macos-x86_64 | 2024.5-8 | 143.00 | OK | |||
r-oldrel-windows-x86_64 | 2024.1-30 | 17.00 | 97.00 | 114.00 | OK |
Version: 2024.1-30
Check: whether package can be installed
Result: ERROR
Installation failed.
Flavors: r-devel-linux-x86_64-fedora-gcc, r-devel-windows-x86_64