Last updated on 2024-05-03 01:51:23 CEST.
Flavor | Version | Tinstall | Tcheck | Ttotal | Status | Flags |
---|---|---|---|---|---|---|
r-devel-linux-x86_64-debian-clang | 1.1.4 | 11.51 | 81.24 | 92.75 | OK | |
r-devel-linux-x86_64-debian-gcc | 1.1.4 | 7.67 | 60.72 | 68.39 | OK | |
r-devel-linux-x86_64-fedora-clang | 1.1.4 | 116.17 | NOTE | |||
r-devel-linux-x86_64-fedora-gcc | 1.1.4 | 107.05 | OK | |||
r-devel-windows-x86_64 | 1.1.4 | 11.00 | 83.00 | 94.00 | OK | |
r-patched-linux-x86_64 | 1.1.4 | 12.07 | 77.42 | 89.49 | OK | |
r-release-linux-x86_64 | 1.1.4 | 12.86 | 75.71 | 88.57 | OK | |
r-release-macos-arm64 | 1.1.4 | 34.00 | OK | |||
r-release-windows-x86_64 | 1.1.4 | 11.00 | 84.00 | 95.00 | OK | |
r-oldrel-macos-arm64 | 1.1.4 | 35.00 | OK | |||
r-oldrel-macos-x86_64 | 1.1.4 | 53.00 | OK | |||
r-oldrel-windows-x86_64 | 1.1.4 | 14.00 | 96.00 | 110.00 | OK |
Version: 1.1.4
Check: Rd cross-references
Result: NOTE
Undeclared package ‘gridExtra’ in Rd xrefs
Flavor: r-devel-linux-x86_64-fedora-clang