Last updated on 2024-05-07 12:56:13 CEST.
Flavor | Version | Tinstall | Tcheck | Ttotal | Status | Flags |
---|---|---|---|---|---|---|
r-devel-linux-x86_64-debian-clang | 0.0.8 | 17.88 | 52.78 | 70.66 | OK | |
r-devel-linux-x86_64-debian-gcc | 0.0.8 | 11.87 | 40.65 | 52.52 | OK | |
r-devel-linux-x86_64-fedora-clang | 0.0.8 | 91.60 | OK | |||
r-devel-linux-x86_64-fedora-gcc | 0.0.8 | 109.42 | OK | |||
r-devel-windows-x86_64 | 0.0.8 | 12.00 | 73.00 | 85.00 | NOTE | |
r-patched-linux-x86_64 | 0.0.8 | 16.08 | 50.91 | 66.99 | OK | |
r-release-linux-x86_64 | 0.0.8 | 12.50 | 49.81 | 62.31 | OK | |
r-release-macos-arm64 | 0.0.8 | 31.00 | OK | |||
r-release-windows-x86_64 | 0.0.8 | 14.00 | 74.00 | 88.00 | NOTE | |
r-oldrel-macos-arm64 | 0.0.8 | 31.00 | OK | |||
r-oldrel-macos-x86_64 | 0.0.8 | 50.00 | OK | |||
r-oldrel-windows-x86_64 | 0.0.8 | 13.00 | 78.00 | 91.00 | NOTE |
Version: 0.0.8
Check: package dependencies
Result: NOTE
Package suggested but not available for checking: 'rsyslog'
Flavors: r-devel-windows-x86_64, r-release-windows-x86_64, r-oldrel-windows-x86_64