Last updated on 2024-05-07 01:53:18 CEST.
Flavor | Version | Tinstall | Tcheck | Ttotal | Status | Flags |
---|---|---|---|---|---|---|
r-devel-linux-x86_64-debian-clang | 1.3.0 | 10.41 | 106.96 | 117.37 | NOTE | |
r-devel-linux-x86_64-debian-gcc | 1.3.0 | 7.90 | 77.80 | 85.70 | NOTE | |
r-devel-linux-x86_64-fedora-clang | 1.3.0 | 158.33 | NOTE | |||
r-devel-linux-x86_64-fedora-gcc | 1.3.0 | 202.38 | NOTE | |||
r-devel-windows-x86_64 | 1.3.0 | 11.00 | 96.00 | 107.00 | NOTE | |
r-patched-linux-x86_64 | 1.3.0 | 11.16 | 101.81 | 112.97 | NOTE | |
r-release-linux-x86_64 | 1.3.0 | 6.35 | 100.47 | 106.82 | NOTE | |
r-release-macos-arm64 | 1.3.0 | 49.00 | NOTE | |||
r-release-windows-x86_64 | 1.3.0 | 11.00 | 96.00 | 107.00 | NOTE | |
r-oldrel-macos-arm64 | 1.3.0 | 44.00 | NOTE | |||
r-oldrel-macos-x86_64 | 1.3.0 | 82.00 | NOTE | |||
r-oldrel-windows-x86_64 | 1.3.0 | 13.00 | 113.00 | 126.00 | NOTE |
Version: 1.3.0
Check: LazyData
Result: NOTE
'LazyData' is specified without a 'data' directory
Flavors: r-devel-linux-x86_64-debian-clang, r-devel-linux-x86_64-debian-gcc, r-devel-linux-x86_64-fedora-clang, r-devel-linux-x86_64-fedora-gcc, r-devel-windows-x86_64, r-patched-linux-x86_64, r-release-linux-x86_64, r-release-macos-arm64, r-release-windows-x86_64, r-oldrel-macos-arm64, r-oldrel-macos-x86_64, r-oldrel-windows-x86_64