Last updated on 2024-05-07 01:53:19 CEST.
Flavor | Version | Tinstall | Tcheck | Ttotal | Status | Flags |
---|---|---|---|---|---|---|
r-devel-linux-x86_64-debian-clang | 0.2.0 | 102.38 | 137.29 | 239.67 | NOTE | |
r-devel-linux-x86_64-debian-gcc | 0.2.0 | 89.61 | 102.65 | 192.26 | NOTE | |
r-devel-linux-x86_64-fedora-clang | 0.2.0 | 325.61 | NOTE | |||
r-devel-linux-x86_64-fedora-gcc | 0.2.0 | 407.39 | NOTE | |||
r-devel-windows-x86_64 | 0.2.0 | 82.00 | 141.00 | 223.00 | NOTE | |
r-patched-linux-x86_64 | 0.2.0 | 107.44 | 132.94 | 240.38 | NOTE | |
r-release-linux-x86_64 | 0.2.0 | 107.41 | 132.11 | 239.52 | NOTE | |
r-release-macos-arm64 | 0.2.0 | 69.00 | NOTE | |||
r-release-windows-x86_64 | 0.2.0 | 84.00 | 133.00 | 217.00 | NOTE | |
r-oldrel-macos-arm64 | 0.2.0 | 83.00 | NOTE | |||
r-oldrel-macos-x86_64 | 0.2.0 | 155.00 | NOTE | |||
r-oldrel-windows-x86_64 | 0.2.0 | 100.00 | 160.00 | 260.00 | NOTE |
Version: 0.2.0
Check: C++ specification
Result: NOTE
Specified C++11: please drop specification unless essential
Flavors: r-devel-linux-x86_64-debian-clang, r-devel-linux-x86_64-debian-gcc, r-devel-linux-x86_64-fedora-clang, r-devel-linux-x86_64-fedora-gcc, r-devel-windows-x86_64, r-patched-linux-x86_64, r-release-linux-x86_64, r-release-macos-arm64, r-release-windows-x86_64, r-oldrel-macos-arm64, r-oldrel-macos-x86_64, r-oldrel-windows-x86_64
Version: 0.2.0
Check: installed package size
Result: NOTE
installed size is 6.0Mb
sub-directories of 1Mb or more:
data 2.1Mb
libs 3.7Mb
Flavors: r-release-macos-arm64, r-oldrel-macos-arm64, r-oldrel-macos-x86_64