Last updated on 2024-05-03 01:51:24 CEST.
Flavor | Version | Tinstall | Tcheck | Ttotal | Status | Flags |
---|---|---|---|---|---|---|
r-devel-linux-x86_64-debian-clang | 0.6-18 | 7.93 | 85.38 | 93.31 | OK | |
r-devel-linux-x86_64-debian-gcc | 0.6-18 | 6.09 | 62.71 | 68.80 | OK | |
r-devel-linux-x86_64-fedora-clang | 0.6-18 | 118.05 | NOTE | |||
r-devel-linux-x86_64-fedora-gcc | 0.6-18 | 120.97 | OK | |||
r-devel-windows-x86_64 | 0.6-18 | 8.00 | 84.00 | 92.00 | OK | |
r-patched-linux-x86_64 | 0.6-18 | 11.50 | 81.99 | 93.49 | OK | |
r-release-linux-x86_64 | 0.6-18 | 7.65 | 82.55 | 90.20 | OK | |
r-release-macos-arm64 | 0.6-18 | 36.00 | OK | |||
r-release-windows-x86_64 | 0.6-18 | 7.00 | 81.00 | 88.00 | OK | |
r-oldrel-macos-arm64 | 0.6-18 | 36.00 | OK | |||
r-oldrel-macos-x86_64 | 0.6-18 | 60.00 | OK | |||
r-oldrel-windows-x86_64 | 0.6-18 | 9.00 | 99.00 | 108.00 | OK |
Version: 0.6-18
Check: Rd cross-references
Result: NOTE
Undeclared packages ‘micEconAids’, ‘micEconSNQP’ in Rd xrefs
Flavor: r-devel-linux-x86_64-fedora-clang