Last updated on 2024-05-07 12:56:16 CEST.
Flavor | Version | Tinstall | Tcheck | Ttotal | Status | Flags |
---|---|---|---|---|---|---|
r-devel-linux-x86_64-debian-clang | 2.0.4 | 4.77 | 53.82 | 58.59 | OK | |
r-devel-linux-x86_64-debian-gcc | 2.0.4 | 4.14 | 38.96 | 43.10 | OK | |
r-devel-linux-x86_64-fedora-clang | 2.0.4 | 71.47 | NOTE | |||
r-devel-linux-x86_64-fedora-gcc | 2.0.4 | 75.59 | NOTE | |||
r-devel-windows-x86_64 | 2.0.4 | 7.00 | 74.00 | 81.00 | OK | |
r-patched-linux-x86_64 | 2.0.4 | 5.48 | 49.11 | 54.59 | OK | |
r-release-linux-x86_64 | 2.0.4 | 3.56 | 50.19 | 53.75 | OK | |
r-release-macos-arm64 | 2.0.4 | 26.00 | OK | |||
r-release-windows-x86_64 | 2.0.4 | 7.00 | 69.00 | 76.00 | OK | |
r-oldrel-macos-arm64 | 2.0.4 | 24.00 | OK | |||
r-oldrel-macos-x86_64 | 2.0.4 | 74.00 | OK | |||
r-oldrel-windows-x86_64 | 2.0.4 | 9.00 | 77.00 | 86.00 | OK |
Version: 2.0.4
Check: data for non-ASCII characters
Result: NOTE
Note: found 9 marked UTF-8 strings
Flavors: r-devel-linux-x86_64-fedora-clang, r-devel-linux-x86_64-fedora-gcc