Last updated on 2024-05-07 12:56:17 CEST.
Flavor | Version | Tinstall | Tcheck | Ttotal | Status | Flags |
---|---|---|---|---|---|---|
r-devel-linux-x86_64-debian-clang | 1.2.1 | 5.30 | 107.97 | 113.27 | NOTE | |
r-devel-linux-x86_64-debian-gcc | 1.2.1 | 5.77 | 78.53 | 84.30 | NOTE | |
r-devel-linux-x86_64-fedora-clang | 1.2.1 | 141.88 | NOTE | |||
r-devel-linux-x86_64-fedora-gcc | 1.2.1 | 181.23 | NOTE | |||
r-devel-windows-x86_64 | 1.2.1 | 8.00 | 100.00 | 108.00 | NOTE | |
r-patched-linux-x86_64 | 1.2.1 | 7.58 | 102.84 | 110.42 | NOTE | |
r-release-linux-x86_64 | 1.2.1 | 4.15 | 103.74 | 107.89 | NOTE | |
r-release-macos-arm64 | 1.2.1 | 56.00 | NOTE | |||
r-release-windows-x86_64 | 1.2.1 | 9.00 | 97.00 | 106.00 | NOTE | |
r-oldrel-macos-arm64 | 1.2.1 | 48.00 | OK | |||
r-oldrel-macos-x86_64 | 1.2.1 | 79.00 | OK | |||
r-oldrel-windows-x86_64 | 1.2.1 | 9.00 | 118.00 | 127.00 | OK |
Version: 1.2.1
Check: Rd files
Result: NOTE
checkRd: (-1) circ_dist.Rd:21: Lost braces; missing escapes or markup?
21 | The distance between two observations {i} and {j} of a circular variable {q}
| ^
checkRd: (-1) circ_dist.Rd:21: Lost braces; missing escapes or markup?
21 | The distance between two observations {i} and {j} of a circular variable {q}
| ^
checkRd: (-1) circ_dist.Rd:21: Lost braces; missing escapes or markup?
21 | The distance between two observations {i} and {j} of a circular variable {q}
| ^
Flavors: r-devel-linux-x86_64-debian-clang, r-devel-linux-x86_64-debian-gcc, r-devel-linux-x86_64-fedora-clang, r-devel-linux-x86_64-fedora-gcc, r-devel-windows-x86_64, r-patched-linux-x86_64, r-release-linux-x86_64, r-release-macos-arm64, r-release-windows-x86_64