Last updated on 2024-05-07 12:56:17 CEST.
Flavor | Version | Tinstall | Tcheck | Ttotal | Status | Flags |
---|---|---|---|---|---|---|
r-devel-linux-x86_64-debian-clang | 1.2.3 | 2.92 | 28.74 | 31.66 | OK | |
r-devel-linux-x86_64-debian-gcc | 1.2.3 | 1.99 | 21.97 | 23.96 | OK | |
r-devel-linux-x86_64-fedora-clang | 1.2.3 | 39.39 | NOTE | |||
r-devel-linux-x86_64-fedora-gcc | 1.2.3 | 42.79 | OK | |||
r-devel-windows-x86_64 | 1.2.3 | 4.00 | 44.00 | 48.00 | OK | |
r-patched-linux-x86_64 | 1.2.3 | 3.08 | 27.55 | 30.63 | OK | |
r-release-linux-x86_64 | 1.2.3 | 2.74 | 26.91 | 29.65 | OK | |
r-release-macos-arm64 | 1.2.3 | 16.00 | OK | |||
r-release-windows-x86_64 | 1.2.3 | 3.00 | 49.00 | 52.00 | OK | |
r-oldrel-macos-arm64 | 1.2.3 | 16.00 | OK | |||
r-oldrel-macos-x86_64 | 1.2.3 | 24.00 | OK | |||
r-oldrel-windows-x86_64 | 1.2.3 | 4.00 | 45.00 | 49.00 | OK |
Version: 1.2.3
Check: Rd cross-references
Result: NOTE
Undeclared package ‘lfe’ in Rd xrefs
Flavor: r-devel-linux-x86_64-fedora-clang