Last updated on 2024-05-07 12:56:17 CEST.
Flavor | Version | Tinstall | Tcheck | Ttotal | Status | Flags |
---|---|---|---|---|---|---|
r-devel-linux-x86_64-debian-clang | 0.1.8 | 159.22 | 83.32 | 242.54 | NOTE | |
r-devel-linux-x86_64-debian-gcc | 0.1.8 | 122.92 | 83.36 | 206.28 | OK | |
r-devel-linux-x86_64-fedora-clang | 0.1.8 | 449.53 | OK | |||
r-devel-linux-x86_64-fedora-gcc | 0.1.8 | 441.67 | OK | |||
r-devel-windows-x86_64 | 0.1.8 | 125.00 | 128.00 | 253.00 | OK | |
r-patched-linux-x86_64 | 0.1.8 | 147.71 | 105.58 | 253.29 | OK | |
r-release-linux-x86_64 | 0.1.8 | 152.64 | 103.57 | 256.21 | OK | |
r-release-macos-arm64 | 0.1.8 | 79.00 | NOTE | |||
r-release-macos-x86_64 | 0.1.8 | 144.00 | NOTE | |||
r-release-windows-x86_64 | 0.1.8 | 126.00 | 128.00 | 254.00 | OK | |
r-oldrel-macos-arm64 | 0.1.8 | 81.00 | NOTE | |||
r-oldrel-macos-x86_64 | 0.1.8 | 136.00 | NOTE | |||
r-oldrel-windows-x86_64 | 0.1.8 | 150.00 | 154.00 | 304.00 | OK |
Version: 0.1.8
Check: package dependencies
Result: NOTE
Package suggested but not available for checking: ‘BioNet’
Flavor: r-devel-linux-x86_64-debian-clang
Version: 0.1.8
Check: package dependencies
Result: NOTE
Packages suggested but not available for checking: 'BioNet', 'DLBCL'
Flavors: r-release-macos-arm64, r-release-macos-x86_64, r-oldrel-macos-arm64, r-oldrel-macos-x86_64
Version: 0.1.8
Check: installed package size
Result: NOTE
installed size is 9.6Mb
sub-directories of 1Mb or more:
java 2.5Mb
libs 6.5Mb
Flavors: r-release-macos-arm64, r-release-macos-x86_64, r-oldrel-macos-arm64, r-oldrel-macos-x86_64