Last updated on 2024-05-07 01:53:21 CEST.
Flavor | Version | Tinstall | Tcheck | Ttotal | Status | Flags |
---|---|---|---|---|---|---|
r-devel-linux-x86_64-debian-clang | 0.6.2 | 6.99 | 60.80 | 67.79 | NOTE | |
r-devel-linux-x86_64-debian-gcc | 0.6.2 | 4.97 | 45.05 | 50.02 | NOTE | |
r-devel-linux-x86_64-fedora-clang | 0.6.2 | 82.93 | NOTE | |||
r-devel-linux-x86_64-fedora-gcc | 0.6.2 | 111.41 | NOTE | |||
r-devel-windows-x86_64 | 0.6.2 | 7.00 | 70.00 | 77.00 | NOTE | |
r-patched-linux-x86_64 | 0.6.2 | 4.59 | 57.31 | 61.90 | NOTE | |
r-release-linux-x86_64 | 0.6.2 | 6.45 | 56.27 | 62.72 | NOTE | |
r-release-macos-arm64 | 0.6.2 | 25.00 | NOTE | |||
r-release-windows-x86_64 | 0.6.2 | 7.00 | 69.00 | 76.00 | NOTE | |
r-oldrel-macos-arm64 | 0.6.2 | 28.00 | NOTE | |||
r-oldrel-macos-x86_64 | 0.6.2 | 40.00 | NOTE | |||
r-oldrel-windows-x86_64 | 0.6.2 | 8.00 | 75.00 | 83.00 | NOTE |
Version: 0.6.2
Check: LazyData
Result: NOTE
'LazyData' is specified without a 'data' directory
Flavors: r-devel-linux-x86_64-debian-clang, r-devel-linux-x86_64-debian-gcc, r-devel-linux-x86_64-fedora-clang, r-devel-linux-x86_64-fedora-gcc, r-devel-windows-x86_64, r-patched-linux-x86_64, r-release-linux-x86_64, r-release-macos-arm64, r-release-windows-x86_64, r-oldrel-macos-arm64, r-oldrel-macos-x86_64, r-oldrel-windows-x86_64