Last updated on 2024-05-07 12:56:18 CEST.
Flavor | Version | Tinstall | Tcheck | Ttotal | Status | Flags |
---|---|---|---|---|---|---|
r-devel-linux-x86_64-debian-clang | 0.3.5 | 0.71 | 2.19 | 2.90 | ERROR | |
r-devel-linux-x86_64-debian-gcc | 0.3.5 | 38.08 | 385.57 | 423.65 | NOTE | |
r-devel-linux-x86_64-fedora-clang | 0.3.5 | 782.45 | NOTE | |||
r-devel-linux-x86_64-fedora-gcc | 0.3.5 | 846.06 | NOTE | |||
r-devel-windows-x86_64 | 0.3.5 | 42.00 | 377.00 | 419.00 | NOTE | |
r-patched-linux-x86_64 | 0.3.5 | 37.03 | 508.67 | 545.70 | NOTE | |
r-release-linux-x86_64 | 0.3.5 | 32.81 | 499.44 | 532.25 | NOTE | |
r-release-macos-arm64 | 0.3.5 | 184.00 | NOTE | |||
r-release-macos-x86_64 | 0.3.5 | 408.00 | OK | |||
r-release-windows-x86_64 | 0.3.5 | 42.00 | 371.00 | 413.00 | NOTE | |
r-oldrel-macos-arm64 | 0.3.5 | 190.00 | OK | |||
r-oldrel-macos-x86_64 | 0.3.5 | 436.00 | OK | |||
r-oldrel-windows-x86_64 | 0.3.5 | 56.00 | 478.00 | 534.00 | OK |
Version: 0.3.5
Check: package dependencies
Result: ERROR
Package required but not available: ‘MLInterfaces’
See section ‘The DESCRIPTION file’ in the ‘Writing R Extensions’
manual.
Flavor: r-devel-linux-x86_64-debian-clang
Version: 0.3.5
Check: Rd files
Result: NOTE
checkRd: (-1) mcrPlot.Rd:42-44: Lost braces in \itemize; \value handles \item{}{} directly
checkRd: (-1) mcrPlot.Rd:45-47: Lost braces in \itemize; \value handles \item{}{} directly
Flavors: r-devel-linux-x86_64-debian-gcc, r-devel-linux-x86_64-fedora-clang, r-devel-linux-x86_64-fedora-gcc, r-devel-windows-x86_64, r-patched-linux-x86_64, r-release-linux-x86_64, r-release-macos-arm64, r-release-windows-x86_64