Last updated on 2024-05-07 12:56:18 CEST.
Flavor | Version | Tinstall | Tcheck | Ttotal | Status | Flags |
---|---|---|---|---|---|---|
r-devel-linux-x86_64-debian-clang | 2016.3.2 | 3.44 | 45.73 | 49.17 | NOTE | |
r-devel-linux-x86_64-debian-gcc | 2016.3.2 | 2.65 | 34.66 | 37.31 | NOTE | |
r-devel-linux-x86_64-fedora-clang | 2016.3.2 | 63.60 | NOTE | |||
r-devel-linux-x86_64-fedora-gcc | 2016.3.2 | 79.08 | NOTE | |||
r-devel-windows-x86_64 | 2016.3.2 | 5.00 | 73.00 | 78.00 | OK | |
r-patched-linux-x86_64 | 2016.3.2 | 3.88 | 43.82 | 47.70 | NOTE | |
r-release-linux-x86_64 | 2016.3.2 | 2.65 | 44.06 | 46.71 | NOTE | |
r-release-macos-arm64 | 2016.3.2 | 28.00 | NOTE | |||
r-release-windows-x86_64 | 2016.3.2 | 5.00 | 72.00 | 77.00 | OK | |
r-oldrel-macos-arm64 | 2016.3.2 | 30.00 | OK | |||
r-oldrel-macos-x86_64 | 2016.3.2 | 46.00 | OK | |||
r-oldrel-windows-x86_64 | 2016.3.2 | 4.00 | 70.00 | 74.00 | OK |
Version: 2016.3.2
Check: package dependencies
Result: NOTE
Packages suggested but not available for checking: 'Rvmmin', 'Rcgmin'
Flavors: r-devel-linux-x86_64-debian-clang, r-devel-linux-x86_64-debian-gcc, r-devel-linux-x86_64-fedora-clang, r-devel-linux-x86_64-fedora-gcc, r-patched-linux-x86_64, r-release-linux-x86_64, r-release-macos-arm64