Last updated on 2024-05-07 01:53:21 CEST.
Flavor | Version | Tinstall | Tcheck | Ttotal | Status | Flags |
---|---|---|---|---|---|---|
r-devel-linux-x86_64-debian-clang | 0.4.7 | 8.10 | 70.84 | 78.94 | OK | |
r-devel-linux-x86_64-debian-gcc | 0.4.7 | 5.06 | 53.38 | 58.44 | OK | |
r-devel-linux-x86_64-fedora-clang | 0.4.7 | 102.98 | OK | |||
r-devel-linux-x86_64-fedora-gcc | 0.4.7 | 171.64 | OK | |||
r-devel-windows-x86_64 | 0.4.7 | 8.00 | 73.00 | 81.00 | OK | |
r-patched-linux-x86_64 | 0.4.7 | 8.03 | 68.25 | 76.28 | OK | |
r-release-linux-x86_64 | 0.4.7 | 6.75 | 68.07 | 74.82 | OK | |
r-release-macos-arm64 | 0.4.7 | 44.00 | ERROR | |||
r-release-windows-x86_64 | 0.4.7 | 8.00 | 78.00 | 86.00 | OK | |
r-oldrel-macos-arm64 | 0.4.7 | 38.00 | OK | |||
r-oldrel-macos-x86_64 | 0.4.7 | 62.00 | OK | |||
r-oldrel-windows-x86_64 | 0.4.7 | 9.00 | 78.00 | 87.00 | OK |
Version: 0.4.7
Check: re-building of vignette outputs
Result: ERROR
Error(s) in re-building vignettes:
...
--- re-building ‘introduction.Rmd’ using rmarkdown
Quitting from lines 41-45 [specific-dataset] (introduction.Rmd)
Error: processing vignette 'introduction.Rmd' failed with diagnostics:
Timeout was reached: [www.nomisweb.co.uk] SSL connection timeout
--- failed re-building ‘introduction.Rmd’
SUMMARY: processing the following file failed:
‘introduction.Rmd’
Error: Vignette re-building failed.
Execution halted
Flavor: r-release-macos-arm64