Last updated on 2024-05-07 12:56:18 CEST.
Flavor | Version | Tinstall | Tcheck | Ttotal | Status | Flags |
---|---|---|---|---|---|---|
r-devel-linux-x86_64-debian-clang | 1.0.2 | 17.52 | 53.83 | 71.35 | OK | |
r-devel-linux-x86_64-debian-gcc | 1.0.2 | 18.72 | 43.09 | 61.81 | OK | |
r-devel-linux-x86_64-fedora-clang | 1.0.2 | 95.06 | OK | |||
r-devel-linux-x86_64-fedora-gcc | 1.0.2 | 107.86 | OK | |||
r-devel-windows-x86_64 | 1.0.2 | 17.00 | 58.00 | 75.00 | OK | |
r-patched-linux-x86_64 | 1.0.2 | 21.88 | 52.28 | 74.16 | OK | |
r-release-linux-x86_64 | 1.0.2 | 18.64 | 52.33 | 70.97 | OK | |
r-release-macos-arm64 | 1.0.2 | 40.00 | NOTE | |||
r-release-windows-x86_64 | 1.0.2 | 16.00 | 58.00 | 74.00 | OK | |
r-oldrel-macos-arm64 | 1.0.2 | 46.00 | NOTE | |||
r-oldrel-macos-x86_64 | 1.0.2 | 68.00 | NOTE | |||
r-oldrel-windows-x86_64 | 1.0.2 | 25.00 | 68.00 | 93.00 | OK |
Version: 1.0.2
Check: installed package size
Result: NOTE
installed size is 5.2Mb
sub-directories of 1Mb or more:
data 5.1Mb
Flavors: r-release-macos-arm64, r-oldrel-macos-arm64, r-oldrel-macos-x86_64