Last updated on 2024-06-30 00:59:20 CEST.
Flavor | Version | Tinstall | Tcheck | Ttotal | Status | Flags |
---|---|---|---|---|---|---|
r-devel-linux-x86_64-debian-clang | 3.0.0 | 103.02 | 207.82 | 310.84 | OK | --no-vignettes |
r-devel-linux-x86_64-debian-gcc | 3.0.0 | 77.83 | 168.78 | 246.61 | OK | --no-vignettes |
r-devel-linux-x86_64-fedora-clang | 3.0.0 | 1110.70 | OK | |||
r-devel-linux-x86_64-fedora-gcc | 3.0.0 | 1075.47 | OK | |||
r-devel-windows-x86_64 | 3.0.0 | 82.00 | 539.00 | 621.00 | NOTE | |
r-patched-linux-x86_64 | 3.0.0 | 94.50 | 223.29 | 317.79 | OK | --no-vignettes |
r-release-linux-x86_64 | 3.0.0 | 88.95 | 220.98 | 309.93 | OK | --no-vignettes |
r-release-macos-arm64 | 3.0.0 | 289.00 | OK | |||
r-release-macos-x86_64 | 3.0.0 | 428.00 | OK | |||
r-release-windows-x86_64 | 3.0.0 | 81.00 | 553.00 | 634.00 | NOTE | |
r-oldrel-macos-arm64 | 3.0.0 | 342.00 | OK | |||
r-oldrel-macos-x86_64 | 3.0.0 | 458.00 | OK | |||
r-oldrel-windows-x86_64 | 3.0.0 | 83.00 | 703.00 | 786.00 | NOTE |
Version: 3.0.0
Check: C++ specification
Result: NOTE
Specified C++11: please drop specification unless essential
Flavors: r-devel-windows-x86_64, r-release-windows-x86_64, r-oldrel-windows-x86_64