Last updated on 2024-05-07 12:56:19 CEST.
Flavor | Version | Tinstall | Tcheck | Ttotal | Status | Flags |
---|---|---|---|---|---|---|
r-devel-linux-x86_64-debian-clang | 0.1.0 | 1.42 | 21.54 | 22.96 | NOTE | |
r-devel-linux-x86_64-debian-gcc | 0.1.0 | 1.77 | 16.63 | 18.40 | OK | |
r-devel-linux-x86_64-fedora-clang | 0.1.0 | 31.26 | NOTE | |||
r-devel-linux-x86_64-fedora-gcc | 0.1.0 | 35.26 | NOTE | |||
r-devel-windows-x86_64 | 0.1.0 | 3.00 | 39.00 | 42.00 | NOTE | |
r-patched-linux-x86_64 | 0.1.0 | 2.32 | 20.88 | 23.20 | OK | |
r-release-linux-x86_64 | 0.1.0 | 1.92 | 21.03 | 22.95 | NOTE | |
r-release-macos-arm64 | 0.1.0 | 13.00 | NOTE | |||
r-release-windows-x86_64 | 0.1.0 | 3.00 | 39.00 | 42.00 | NOTE | |
r-oldrel-macos-arm64 | 0.1.0 | 17.00 | NOTE | |||
r-oldrel-macos-x86_64 | 0.1.0 | 18.00 | NOTE | |||
r-oldrel-windows-x86_64 | 0.1.0 | 3.00 | 39.00 | 42.00 | NOTE |
Version: 0.1.0
Check: package dependencies
Result: NOTE
Package suggested but not available for checking: ‘Rcplex’
Flavors: r-devel-linux-x86_64-debian-clang, r-devel-linux-x86_64-fedora-clang, r-devel-linux-x86_64-fedora-gcc, r-devel-windows-x86_64, r-release-linux-x86_64, r-release-macos-arm64, r-release-windows-x86_64, r-oldrel-macos-arm64, r-oldrel-macos-x86_64, r-oldrel-windows-x86_64