Last updated on 2024-05-07 01:53:23 CEST.
Flavor | Version | Tinstall | Tcheck | Ttotal | Status | Flags |
---|---|---|---|---|---|---|
r-devel-linux-x86_64-debian-clang | 0.1.3 | 0.58 | 2.83 | 3.41 | ERROR | |
r-devel-linux-x86_64-debian-gcc | 0.1.3 | 15.34 | 135.88 | 151.22 | OK | |
r-devel-linux-x86_64-fedora-clang | 0.1.3 | 261.97 | NOTE | |||
r-devel-linux-x86_64-fedora-gcc | 0.1.3 | 261.45 | NOTE | |||
r-devel-windows-x86_64 | 0.1.3 | 18.00 | 134.00 | 152.00 | OK | |
r-patched-linux-x86_64 | 0.1.3 | 17.59 | 174.50 | 192.09 | OK | |
r-release-linux-x86_64 | 0.1.3 | 17.94 | 174.51 | 192.45 | OK | |
r-release-macos-arm64 | 0.1.3 | 70.00 | OK | |||
r-release-macos-x86_64 | 0.1.3 | 131.00 | OK | |||
r-release-windows-x86_64 | 0.1.3 | 19.00 | 135.00 | 154.00 | OK | |
r-oldrel-macos-arm64 | 0.1.3 | 73.00 | OK | |||
r-oldrel-macos-x86_64 | 0.1.3 | 125.00 | OK | |||
r-oldrel-windows-x86_64 | 0.1.3 | 21.00 | 164.00 | 185.00 | OK |
Version: 0.1.3
Check: package dependencies
Result: ERROR
Package required but not available: ‘clusterProfiler’
See section ‘The DESCRIPTION file’ in the ‘Writing R Extensions’
manual.
Flavor: r-devel-linux-x86_64-debian-clang
Version: 0.1.3
Check: dependencies in R code
Result: NOTE
Namespaces in Imports field not imported from:
‘clusterProfiler’ ‘purrr’
All declared Imports should be used.
Flavors: r-devel-linux-x86_64-fedora-clang, r-devel-linux-x86_64-fedora-gcc