Last updated on 2024-05-07 01:53:23 CEST.
Flavor | Version | Tinstall | Tcheck | Ttotal | Status | Flags |
---|---|---|---|---|---|---|
r-devel-linux-x86_64-debian-clang | 0.1.1 | 13.54 | 150.53 | 164.07 | NOTE | |
r-devel-linux-x86_64-debian-gcc | 0.1.1 | 8.70 | 109.87 | 118.57 | OK | |
r-devel-linux-x86_64-fedora-clang | 0.1.1 | 220.72 | OK | |||
r-devel-linux-x86_64-fedora-gcc | 0.1.1 | 217.91 | OK | |||
r-devel-windows-x86_64 | 0.1.1 | 12.00 | 138.00 | 150.00 | OK | |
r-patched-linux-x86_64 | 0.1.1 | 19.99 | 148.84 | 168.83 | OK | |
r-release-linux-x86_64 | 0.1.1 | 10.08 | 145.93 | 156.01 | OK | |
r-release-macos-arm64 | 0.1.1 | 48.00 | NOTE | |||
r-release-macos-x86_64 | 0.1.1 | 93.00 | NOTE | |||
r-release-windows-x86_64 | 0.1.1 | 12.00 | 135.00 | 147.00 | OK | |
r-oldrel-macos-arm64 | 0.1.1 | 57.00 | NOTE | |||
r-oldrel-macos-x86_64 | 0.1.1 | 86.00 | NOTE | |||
r-oldrel-windows-x86_64 | 0.1.1 | 15.00 | 175.00 | 190.00 | OK |
Version: 0.1.1
Check: package dependencies
Result: NOTE
Packages suggested but not available for checking: 'DESeq2', 'ALDEx2'
Flavor: r-devel-linux-x86_64-debian-clang
Version: 0.1.1
Check: package dependencies
Result: NOTE
Package suggested but not available for checking: ‘ggtreeExtra’
Flavors: r-release-macos-arm64, r-release-macos-x86_64
Version: 0.1.1
Check: package dependencies
Result: NOTE
Packages suggested but not available for checking:
'phyloseq', 'phyloseqGraphTest', 'ggtreeExtra'
Flavors: r-oldrel-macos-arm64, r-oldrel-macos-x86_64