Last updated on 2024-05-07 01:53:23 CEST.
Flavor | Version | Tinstall | Tcheck | Ttotal | Status | Flags |
---|---|---|---|---|---|---|
r-devel-linux-x86_64-debian-clang | 0.1.1 | 47.08 | 29.17 | 76.25 | OK | |
r-devel-linux-x86_64-debian-gcc | 0.1.1 | 35.32 | 22.64 | 57.96 | OK | |
r-devel-linux-x86_64-fedora-clang | 0.1.1 | 114.39 | OK | |||
r-devel-linux-x86_64-fedora-gcc | 0.1.1 | 154.75 | OK | |||
r-devel-windows-x86_64 | 0.1.1 | 38.00 | 65.00 | 103.00 | NOTE | |
r-patched-linux-x86_64 | 0.1.1 | 40.54 | 27.99 | 68.53 | OK | |
r-release-linux-x86_64 | 0.1.1 | 45.10 | 28.02 | 73.12 | OK | |
r-release-macos-arm64 | 0.1.1 | 26.00 | OK | |||
r-release-windows-x86_64 | 0.1.1 | 38.00 | 64.00 | 102.00 | NOTE | |
r-oldrel-macos-arm64 | 0.1.1 | 32.00 | OK | |||
r-oldrel-macos-x86_64 | 0.1.1 | 53.00 | OK | |||
r-oldrel-windows-x86_64 | 0.1.1 | 45.00 | 71.00 | 116.00 | NOTE |
Version: 0.1.1
Check: C++ specification
Result: NOTE
Specified C++11: please drop specification unless essential
Flavors: r-devel-windows-x86_64, r-release-windows-x86_64, r-oldrel-windows-x86_64