Last updated on 2024-05-07 12:56:20 CEST.
Flavor | Version | Tinstall | Tcheck | Ttotal | Status | Flags |
---|---|---|---|---|---|---|
r-devel-linux-x86_64-debian-clang | 0.1.3 | 9.36 | 93.13 | 102.49 | NOTE | |
r-devel-linux-x86_64-debian-gcc | 0.1.3 | 8.01 | 69.60 | 77.61 | NOTE | |
r-devel-linux-x86_64-fedora-clang | 0.1.3 | 131.66 | NOTE | |||
r-devel-linux-x86_64-fedora-gcc | 0.1.3 | 194.16 | NOTE | |||
r-devel-windows-x86_64 | 0.1.3 | 10.00 | 84.00 | 94.00 | NOTE | |
r-patched-linux-x86_64 | 0.1.3 | 6.15 | 87.58 | 93.73 | NOTE | |
r-release-linux-x86_64 | 0.1.3 | 6.16 | 86.18 | 92.34 | NOTE | |
r-release-macos-arm64 | 0.1.3 | 44.00 | NOTE | |||
r-release-windows-x86_64 | 0.1.3 | 10.00 | 84.00 | 94.00 | NOTE | |
r-oldrel-macos-arm64 | 0.1.3 | 47.00 | NOTE | |||
r-oldrel-macos-x86_64 | 0.1.3 | 82.00 | NOTE | |||
r-oldrel-windows-x86_64 | 0.1.3 | 12.00 | 96.00 | 108.00 | NOTE |
Version: 0.1.3
Check: LazyData
Result: NOTE
'LazyData' is specified without a 'data' directory
Flavors: r-devel-linux-x86_64-debian-clang, r-devel-linux-x86_64-debian-gcc, r-devel-linux-x86_64-fedora-clang, r-devel-linux-x86_64-fedora-gcc, r-devel-windows-x86_64, r-patched-linux-x86_64, r-release-linux-x86_64, r-release-macos-arm64, r-release-windows-x86_64, r-oldrel-macos-arm64, r-oldrel-macos-x86_64, r-oldrel-windows-x86_64