Last updated on 2024-05-08 00:49:54 CEST.
Flavor | Version | Tinstall | Tcheck | Ttotal | Status | Flags |
---|---|---|---|---|---|---|
r-devel-linux-x86_64-debian-clang | 0.0.3 | 25.38 | 82.91 | 108.29 | NOTE | |
r-devel-linux-x86_64-debian-gcc | 0.0.3 | 18.74 | 61.82 | 80.56 | NOTE | |
r-devel-linux-x86_64-fedora-clang | 0.0.3 | 143.72 | NOTE | |||
r-devel-linux-x86_64-fedora-gcc | 0.0.3 | 203.62 | NOTE | |||
r-devel-windows-x86_64 | 0.0.3 | 24.00 | 98.00 | 122.00 | NOTE | |
r-patched-linux-x86_64 | 0.0.3 | 23.43 | 79.82 | 103.25 | NOTE | |
r-release-linux-x86_64 | 0.0.3 | 23.68 | 77.72 | 101.40 | NOTE | |
r-release-macos-arm64 | 0.0.3 | 52.00 | NOTE | |||
r-release-windows-x86_64 | 0.0.3 | 24.00 | 100.00 | 124.00 | NOTE | |
r-oldrel-macos-arm64 | 0.0.3 | 51.00 | OK | |||
r-oldrel-macos-x86_64 | 0.0.3 | 76.00 | OK | |||
r-oldrel-windows-x86_64 | 0.0.3 | 27.00 | 112.00 | 139.00 | OK |
Version: 0.0.3
Check: Rd files
Result: NOTE
checkRd: (-1) dev_data.Rd:10: Lost braces in \itemize; meant \describe ?
checkRd: (-1) dev_data.Rd:11: Lost braces in \itemize; meant \describe ?
checkRd: (-1) dev_data.Rd:12: Lost braces in \itemize; meant \describe ?
checkRd: (-1) dev_data.Rd:13: Lost braces in \itemize; meant \describe ?
checkRd: (-1) dev_data.Rd:14: Lost braces in \itemize; meant \describe ?
checkRd: (-1) gusto.Rd:10: Lost braces in \itemize; meant \describe ?
checkRd: (-1) gusto.Rd:11: Lost braces in \itemize; meant \describe ?
checkRd: (-1) gusto.Rd:12: Lost braces in \itemize; meant \describe ?
checkRd: (-1) gusto.Rd:13: Lost braces in \itemize; meant \describe ?
checkRd: (-1) gusto.Rd:14: Lost braces in \itemize; meant \describe ?
checkRd: (-1) val_data.Rd:10: Lost braces in \itemize; meant \describe ?
checkRd: (-1) val_data.Rd:11: Lost braces in \itemize; meant \describe ?
checkRd: (-1) val_data.Rd:12: Lost braces in \itemize; meant \describe ?
checkRd: (-1) val_data.Rd:13: Lost braces in \itemize; meant \describe ?
checkRd: (-1) val_data.Rd:14: Lost braces in \itemize; meant \describe ?
Flavors: r-devel-linux-x86_64-debian-clang, r-devel-linux-x86_64-debian-gcc, r-devel-linux-x86_64-fedora-clang, r-devel-linux-x86_64-fedora-gcc, r-devel-windows-x86_64, r-patched-linux-x86_64, r-release-linux-x86_64, r-release-macos-arm64, r-release-windows-x86_64