Last updated on 2024-05-07 12:56:21 CEST.
Flavor | Version | Tinstall | Tcheck | Ttotal | Status | Flags |
---|---|---|---|---|---|---|
r-devel-linux-x86_64-debian-clang | 1.2.0 | 7.84 | 69.10 | 76.94 | NOTE | |
r-devel-linux-x86_64-debian-gcc | 1.2.0 | 4.95 | 52.09 | 57.04 | NOTE | |
r-devel-linux-x86_64-fedora-clang | 1.2.0 | 95.07 | NOTE | |||
r-devel-linux-x86_64-fedora-gcc | 1.2.0 | 124.34 | NOTE | |||
r-devel-windows-x86_64 | 1.2.0 | 8.00 | 82.00 | 90.00 | NOTE | |
r-patched-linux-x86_64 | 1.2.0 | 8.63 | 65.58 | 74.21 | NOTE | |
r-release-linux-x86_64 | 1.2.0 | 4.67 | 66.59 | 71.26 | NOTE | |
r-release-macos-arm64 | 1.2.0 | 31.00 | NOTE | |||
r-release-windows-x86_64 | 1.2.0 | 7.00 | 83.00 | 90.00 | NOTE | |
r-oldrel-macos-arm64 | 1.2.0 | 30.00 | OK | |||
r-oldrel-macos-x86_64 | 1.2.0 | 48.00 | NOTE | |||
r-oldrel-windows-x86_64 | 1.2.0 | 9.00 | 89.00 | 98.00 | OK |
Version: 1.2.0
Check: Rd files
Result: NOTE
checkRd: (-1) alogistic.Rd:20: Lost braces
20 | The user does not put these directly into this function, but rather uses code{ode} in the \code{deSolve} package.
| ^
Flavors: r-devel-linux-x86_64-debian-clang, r-devel-linux-x86_64-debian-gcc, r-devel-linux-x86_64-fedora-clang, r-devel-linux-x86_64-fedora-gcc, r-devel-windows-x86_64, r-patched-linux-x86_64, r-release-linux-x86_64, r-release-macos-arm64, r-release-windows-x86_64
Version: 1.2.0
Check: dependencies in R code
Result: NOTE
Namespaces in Imports field not imported from:
‘tidyr’ ‘utils’
All declared Imports should be used.
Flavors: r-devel-linux-x86_64-fedora-clang, r-devel-linux-x86_64-fedora-gcc
Version: 1.2.0
Check: package dependencies
Result: NOTE
Package suggested but not available for checking: ‘bipartite’
Flavor: r-oldrel-macos-x86_64