Last updated on 2024-07-18 01:55:40 CEST.
Flavor | Version | Tinstall | Tcheck | Ttotal | Status | Flags |
---|---|---|---|---|---|---|
r-devel-linux-x86_64-debian-clang | 1.9-16 | 6.60 | 58.79 | 65.39 | NOTE | |
r-devel-linux-x86_64-debian-gcc | 1.9-16 | 4.62 | 43.25 | 47.87 | NOTE | |
r-devel-linux-x86_64-fedora-clang | 1.9-16 | 80.37 | NOTE | |||
r-devel-linux-x86_64-fedora-gcc | 1.9-16 | 75.72 | NOTE | |||
r-devel-windows-x86_64 | 1.9-16 | 9.00 | 66.00 | 75.00 | NOTE | |
r-patched-linux-x86_64 | 1.9-16 | 6.43 | 57.49 | 63.92 | NOTE | |
r-release-linux-x86_64 | 1.9-16 | 5.11 | 55.48 | 60.59 | NOTE | |
r-release-macos-arm64 | 1.9-16 | 29.00 | NOTE | |||
r-release-macos-x86_64 | 1.9-16 | 41.00 | NOTE | |||
r-release-windows-x86_64 | 1.9-16 | 9.00 | 69.00 | 78.00 | NOTE | |
r-oldrel-macos-arm64 | 1.9-16 | 30.00 | OK | |||
r-oldrel-macos-x86_64 | 1.9-16 | 44.00 | OK | |||
r-oldrel-windows-x86_64 | 1.9-16 | 11.00 | 72.00 | 83.00 | OK |
Version: 1.9-16
Check: Rd files
Result: NOTE
checkRd: (-1) ptw-package.Rd:20-28: Lost braces
20 | @Article{Bloemberg2010,
| ^
checkRd: (-1) ptw-package.Rd:30-38: Lost braces
30 | Article{Wehrens2015,
| ^
Flavors: r-devel-linux-x86_64-debian-clang, r-devel-linux-x86_64-debian-gcc, r-devel-linux-x86_64-fedora-clang, r-devel-linux-x86_64-fedora-gcc, r-devel-windows-x86_64, r-patched-linux-x86_64, r-release-linux-x86_64, r-release-macos-arm64, r-release-macos-x86_64, r-release-windows-x86_64