Last updated on 2024-05-08 00:49:55 CEST.
Flavor | Version | Tinstall | Tcheck | Ttotal | Status | Flags |
---|---|---|---|---|---|---|
r-devel-linux-x86_64-debian-clang | 0.1.2 | 404.45 | 171.31 | 575.76 | NOTE | |
r-devel-linux-x86_64-debian-gcc | 0.1.2 | 393.50 | 145.32 | 538.82 | NOTE | |
r-devel-linux-x86_64-fedora-clang | 0.1.2 | 734.02 | NOTE | |||
r-devel-linux-x86_64-fedora-gcc | 0.1.2 | 1168.51 | NOTE | |||
r-devel-windows-x86_64 | 0.1.2 | 340.00 | 166.00 | 506.00 | NOTE | |
r-patched-linux-x86_64 | 0.1.2 | 333.58 | 187.32 | 520.90 | NOTE | |
r-release-linux-x86_64 | 0.1.2 | 362.51 | 189.91 | 552.42 | NOTE | |
r-release-macos-arm64 | 0.1.2 | 168.00 | NOTE | |||
r-release-windows-x86_64 | 0.1.2 | 345.00 | 163.00 | 508.00 | NOTE | |
r-oldrel-macos-arm64 | 0.1.2 | 173.00 | NOTE | |||
r-oldrel-macos-x86_64 | 0.1.2 | 277.00 | NOTE | |||
r-oldrel-windows-x86_64 | 0.1.2 | 431.00 | 205.00 | 636.00 | OK |
Version: 0.1.2
Check: Rd files
Result: NOTE
checkRd: (-1) ma.Rd:62: Lost braces
62 | \item{yi}{Numeric vector of length code{k} with observed effect size
| ^
checkRd: (-1) ma.Rd:65: Lost braces
65 | \item{vi}{Numeric vector of length code{k} with sampling variances.}
| ^
Flavors: r-devel-linux-x86_64-debian-clang, r-devel-linux-x86_64-debian-gcc, r-devel-linux-x86_64-fedora-clang, r-devel-linux-x86_64-fedora-gcc, r-devel-windows-x86_64, r-patched-linux-x86_64, r-release-linux-x86_64, r-release-macos-arm64, r-release-windows-x86_64
Version: 0.1.2
Check: data for non-ASCII characters
Result: NOTE
Note: found 35 marked UTF-8 strings
Flavors: r-devel-linux-x86_64-fedora-clang, r-devel-linux-x86_64-fedora-gcc
Version: 0.1.2
Check: for GNU extensions in Makefiles
Result: NOTE
GNU make is a SystemRequirements.
Flavors: r-devel-linux-x86_64-fedora-clang, r-devel-linux-x86_64-fedora-gcc, r-release-macos-arm64, r-oldrel-macos-arm64, r-oldrel-macos-x86_64
Version: 0.1.2
Check: installed package size
Result: NOTE
installed size is 61.0Mb
sub-directories of 1Mb or more:
libs 60.6Mb
Flavors: r-release-macos-arm64, r-oldrel-macos-arm64, r-oldrel-macos-x86_64