Last updated on 2024-05-07 01:53:25 CEST.
Flavor | Version | Tinstall | Tcheck | Ttotal | Status | Flags |
---|---|---|---|---|---|---|
r-devel-linux-x86_64-debian-clang | 2.1 | 20.88 | 172.11 | 192.99 | NOTE | |
r-devel-linux-x86_64-debian-gcc | 2.1 | 13.92 | 121.07 | 134.99 | NOTE | |
r-devel-linux-x86_64-fedora-clang | 2.1 | 228.41 | NOTE | |||
r-devel-linux-x86_64-fedora-gcc | 2.1 | 286.60 | NOTE | |||
r-devel-windows-x86_64 | 2.1 | 15.00 | 136.00 | 151.00 | NOTE | |
r-patched-linux-x86_64 | 2.1 | 15.83 | 157.79 | 173.62 | NOTE | |
r-release-linux-x86_64 | 2.1 | 11.67 | 159.97 | 171.64 | NOTE | |
r-release-macos-arm64 | 2.1 | 63.00 | NOTE | |||
r-release-windows-x86_64 | 2.1 | 15.00 | 135.00 | 150.00 | NOTE | |
r-oldrel-macos-arm64 | 2.1 | 67.00 | OK | |||
r-oldrel-macos-x86_64 | 2.1 | 134.00 | OK | |||
r-oldrel-windows-x86_64 | 2.1 | 19.00 | 168.00 | 187.00 | OK |
Version: 2.1
Check: Rd files
Result: NOTE
checkRd: (-1) srswrRe.Rd:10: Lost braces
10 | \item{listRanef}{{\emph{ranef(model)}} object where {\emph{model}} is an { \emph{lmer}} object.}
| ^
Flavors: r-devel-linux-x86_64-debian-clang, r-devel-linux-x86_64-debian-gcc, r-devel-linux-x86_64-fedora-clang, r-devel-linux-x86_64-fedora-gcc, r-devel-windows-x86_64, r-patched-linux-x86_64, r-release-linux-x86_64, r-release-macos-arm64, r-release-windows-x86_64