Last updated on 2024-05-03 01:51:29 CEST.
Flavor | Version | Tinstall | Tcheck | Ttotal | Status | Flags |
---|---|---|---|---|---|---|
r-devel-linux-x86_64-debian-clang | 1.2.4 | 29.64 | 195.47 | 225.11 | OK | |
r-devel-linux-x86_64-debian-gcc | 1.2.4 | 17.54 | 143.88 | 161.42 | OK | |
r-devel-linux-x86_64-fedora-clang | 1.2.4 | 283.49 | OK | |||
r-devel-linux-x86_64-fedora-gcc | 1.2.4 | 299.93 | OK | |||
r-devel-windows-x86_64 | 1.2.4 | 25.00 | 166.00 | 191.00 | NOTE | |
r-patched-linux-x86_64 | 1.2.4 | 30.81 | 182.04 | 212.85 | OK | |
r-release-linux-x86_64 | 1.2.4 | 17.84 | 187.42 | 205.26 | OK | |
r-release-macos-arm64 | 1.2.4 | 79.00 | NOTE | |||
r-release-macos-x86_64 | 1.2.4 | 185.00 | NOTE | |||
r-release-windows-x86_64 | 1.2.4 | 24.00 | 96.00 | 120.00 | ERROR | |
r-oldrel-macos-arm64 | 1.2.4 | 84.00 | NOTE | |||
r-oldrel-macos-x86_64 | 1.2.4 | 143.00 | NOTE | |||
r-oldrel-windows-x86_64 | 1.2.4 | 30.00 | 209.00 | 239.00 | NOTE |
Version: 1.2.4
Check: installed package size
Result: NOTE
installed size is 5.5Mb
sub-directories of 1Mb or more:
doc 4.4Mb
Flavors: r-devel-windows-x86_64, r-release-macos-arm64, r-release-macos-x86_64, r-release-windows-x86_64, r-oldrel-macos-arm64, r-oldrel-macos-x86_64, r-oldrel-windows-x86_64
Version: 1.2.4
Check: examples
Result: ERROR
Running examples in 'qtl2ggplot-Ex.R' failed
The error most likely occurred in:
> ### Name: ggplot_genes
> ### Title: Plot gene locations for a genomic interval
> ### Aliases: ggplot_genes autoplot.genes
> ### Keywords: hgraphics
>
> ### ** Examples
>
> filename <- file.path("https://raw.githubusercontent.com/rqtl",
+ "qtl2data/master/DOex",
+ "c2_genes.rds")
> tmpfile <- tempfile()
> download.file(filename, tmpfile, quiet=TRUE)
Warning in download.file(filename, tmpfile, quiet = TRUE) :
URL 'https://raw.githubusercontent.com/rqtl/qtl2data/master/DOex/c2_genes.rds': status was 'SSL connect error'
Error in download.file(filename, tmpfile, quiet = TRUE) :
cannot open URL 'https://raw.githubusercontent.com/rqtl/qtl2data/master/DOex/c2_genes.rds'
Execution halted
Flavor: r-release-windows-x86_64
Version: 1.2.4
Check: re-building of vignette outputs
Result: ERROR
Error(s) in re-building vignettes:
--- re-building 'qtl2ggplot.Rmd' using rmarkdown
Quitting from lines at lines 30-36 [unnamed-chunk-2] (qtl2ggplot.Rmd)
Error: processing vignette 'qtl2ggplot.Rmd' failed with diagnostics:
cannot open URL 'https://raw.githubusercontent.com/rqtl/qtl2data/master/DOex/DOex.zip'
--- failed re-building 'qtl2ggplot.Rmd'
SUMMARY: processing the following file failed:
'qtl2ggplot.Rmd'
Error: Vignette re-building failed.
Execution halted
Flavor: r-release-windows-x86_64