Last updated on 2024-05-07 12:56:22 CEST.
Flavor | Version | Tinstall | Tcheck | Ttotal | Status | Flags |
---|---|---|---|---|---|---|
r-devel-linux-x86_64-debian-clang | 0.4.26 | 13.38 | 107.33 | 120.71 | NOTE | |
r-devel-linux-x86_64-debian-gcc | 0.4.26 | 13.85 | 75.63 | 89.48 | NOTE | |
r-devel-linux-x86_64-fedora-clang | 0.4.26 | 152.01 | OK | |||
r-devel-linux-x86_64-fedora-gcc | 0.4.26 | 184.15 | OK | |||
r-devel-windows-x86_64 | 0.4.26 | 16.00 | 97.00 | 113.00 | OK | |
r-patched-linux-x86_64 | 0.4.26 | 24.45 | 101.22 | 125.67 | NOTE | |
r-release-linux-x86_64 | 0.4.26 | 13.25 | 99.19 | 112.44 | NOTE | |
r-release-macos-arm64 | 0.4.26 | 40.00 | OK | |||
r-release-macos-x86_64 | 0.4.26 | 85.00 | OK | |||
r-release-windows-x86_64 | 0.4.26 | 15.00 | 96.00 | 111.00 | OK | |
r-oldrel-macos-arm64 | 0.4.26 | 43.00 | OK | |||
r-oldrel-macos-x86_64 | 0.4.26 | 86.00 | OK | |||
r-oldrel-windows-x86_64 | 0.4.26 | 21.00 | 113.00 | 134.00 | OK |
Version: 0.4.26
Check: R code for possible problems
Result: NOTE
Found the following calls to attach():
File ‘quantmod/R/attachSymbols.R’:
attach(NULL, pos = pos, name = DB$name)
attach(NULL, pos = pos, name = DB$name)
See section ‘Good practice’ in ‘?attach’.
Flavors: r-devel-linux-x86_64-debian-clang, r-devel-linux-x86_64-debian-gcc, r-patched-linux-x86_64, r-release-linux-x86_64