Last updated on 2024-05-08 00:49:57 CEST.
Flavor | Version | Tinstall | Tcheck | Ttotal | Status | Flags |
---|---|---|---|---|---|---|
r-devel-linux-x86_64-debian-clang | 1.4.0 | 84.88 | 78.01 | 162.89 | NOTE | |
r-devel-linux-x86_64-debian-gcc | 1.4.0 | 60.49 | 57.54 | 118.03 | NOTE | |
r-devel-linux-x86_64-fedora-clang | 1.4.0 | 257.18 | NOTE | |||
r-devel-linux-x86_64-fedora-gcc | 1.4.0 | 314.39 | NOTE | |||
r-devel-windows-x86_64 | 1.4.0 | 72.00 | 96.00 | 168.00 | NOTE | |
r-patched-linux-x86_64 | 1.4.0 | 87.32 | 71.39 | 158.71 | NOTE | |
r-release-linux-x86_64 | 1.4.0 | 78.18 | 73.74 | 151.92 | NOTE | |
r-release-macos-arm64 | 1.4.0 | 74.00 | NOTE | |||
r-release-windows-x86_64 | 1.4.0 | 69.00 | 95.00 | 164.00 | NOTE | |
r-oldrel-macos-arm64 | 1.4.0 | 77.00 | NOTE | |||
r-oldrel-macos-x86_64 | 1.4.0 | 118.00 | NOTE | |||
r-oldrel-windows-x86_64 | 1.4.0 | 85.00 | 114.00 | 199.00 | NOTE |
Version: 1.4.0
Check: C++ specification
Result: NOTE
Specified C++11: please drop specification unless essential
Flavors: r-devel-linux-x86_64-debian-clang, r-devel-linux-x86_64-debian-gcc, r-devel-linux-x86_64-fedora-clang, r-devel-linux-x86_64-fedora-gcc, r-devel-windows-x86_64, r-patched-linux-x86_64, r-release-linux-x86_64, r-release-macos-arm64, r-release-windows-x86_64, r-oldrel-macos-arm64, r-oldrel-macos-x86_64, r-oldrel-windows-x86_64
Version: 1.4.0
Check: Rd files
Result: NOTE
checkRd: (-1) psel.Rd:83: Lost braces; missing escapes or markup?
83 | For example, a \code{top=1} preference selection on the tuples {(a=1, b=1), (a=1, b=2)}
| ^
Flavors: r-devel-linux-x86_64-debian-clang, r-devel-linux-x86_64-debian-gcc, r-devel-linux-x86_64-fedora-clang, r-devel-linux-x86_64-fedora-gcc, r-devel-windows-x86_64, r-patched-linux-x86_64, r-release-linux-x86_64, r-release-macos-arm64, r-release-windows-x86_64
Version: 1.4.0
Check: for GNU extensions in Makefiles
Result: NOTE
GNU make is a SystemRequirements.
Flavors: r-devel-linux-x86_64-debian-clang, r-devel-linux-x86_64-debian-gcc, r-devel-linux-x86_64-fedora-clang, r-devel-linux-x86_64-fedora-gcc, r-devel-windows-x86_64, r-patched-linux-x86_64, r-release-linux-x86_64, r-release-macos-arm64, r-release-windows-x86_64, r-oldrel-macos-arm64, r-oldrel-macos-x86_64, r-oldrel-windows-x86_64