Last updated on 2024-05-07 01:53:25 CEST.
Flavor | Version | Tinstall | Tcheck | Ttotal | Status | Flags |
---|---|---|---|---|---|---|
r-devel-linux-x86_64-debian-clang | 0.16.0 | 113.94 | 116.63 | 230.57 | OK | |
r-devel-linux-x86_64-debian-gcc | 0.16.0 | 102.03 | 88.33 | 190.36 | OK | |
r-devel-linux-x86_64-fedora-clang | 0.16.0 | 335.24 | OK | |||
r-devel-linux-x86_64-fedora-gcc | 0.16.0 | 402.94 | OK | |||
r-devel-windows-x86_64 | 0.16.0 | 100.00 | 133.00 | 233.00 | OK | |
r-patched-linux-x86_64 | 0.16.0 | 127.47 | 110.51 | 237.98 | OK | |
r-release-linux-x86_64 | 0.16.0 | 133.93 | 111.07 | 245.00 | OK | |
r-release-macos-arm64 | 0.16.0 | 85.00 | NOTE | |||
r-release-windows-x86_64 | 0.16.0 | 95.00 | 134.00 | 229.00 | OK | |
r-oldrel-macos-arm64 | 0.16.0 | 76.00 | NOTE | |||
r-oldrel-macos-x86_64 | 0.16.0 | 142.00 | NOTE | |||
r-oldrel-windows-x86_64 | 0.16.0 | 119.00 | 159.00 | 278.00 | OK |
Version: 0.16.0
Check: installed package size
Result: NOTE
installed size is 7.6Mb
sub-directories of 1Mb or more:
libs 7.3Mb
Flavors: r-release-macos-arm64, r-oldrel-macos-arm64, r-oldrel-macos-x86_64