Last updated on 2024-05-07 01:53:25 CEST.
Flavor | Version | Tinstall | Tcheck | Ttotal | Status | Flags |
---|---|---|---|---|---|---|
r-devel-linux-x86_64-debian-clang | 1.2.0 | 4.65 | 41.22 | 45.87 | NOTE | |
r-devel-linux-x86_64-debian-gcc | 1.2.0 | 4.31 | 30.74 | 35.05 | NOTE | |
r-devel-linux-x86_64-fedora-clang | 1.2.0 | 57.38 | NOTE | |||
r-devel-linux-x86_64-fedora-gcc | 1.2.0 | 80.56 | NOTE | |||
r-devel-windows-x86_64 | 1.2.0 | 6.00 | 51.00 | 57.00 | NOTE | |
r-patched-linux-x86_64 | 1.2.0 | 5.84 | 38.71 | 44.55 | NOTE | |
r-release-linux-x86_64 | 1.2.0 | 5.52 | 38.59 | 44.11 | NOTE | |
r-release-macos-arm64 | 1.2.0 | 20.00 | NOTE | |||
r-release-windows-x86_64 | 1.2.0 | 5.00 | 51.00 | 56.00 | NOTE | |
r-oldrel-macos-arm64 | 1.2.0 | 21.00 | NOTE | |||
r-oldrel-macos-x86_64 | 1.2.0 | 28.00 | NOTE | |||
r-oldrel-windows-x86_64 | 1.2.0 | 7.00 | 53.00 | 60.00 | NOTE |
Version: 1.2.0
Check: LazyData
Result: NOTE
'LazyData' is specified without a 'data' directory
Flavors: r-devel-linux-x86_64-debian-clang, r-devel-linux-x86_64-debian-gcc, r-devel-linux-x86_64-fedora-clang, r-devel-linux-x86_64-fedora-gcc, r-devel-windows-x86_64, r-patched-linux-x86_64, r-release-linux-x86_64, r-release-macos-arm64, r-release-windows-x86_64, r-oldrel-macos-arm64, r-oldrel-macos-x86_64, r-oldrel-windows-x86_64