Last updated on 2024-05-08 00:49:56 CEST.
Flavor | Version | Tinstall | Tcheck | Ttotal | Status | Flags |
---|---|---|---|---|---|---|
r-devel-linux-x86_64-debian-clang | 0.8.1 | 9.33 | 84.41 | 93.74 | ERROR | |
r-devel-linux-x86_64-debian-gcc | 0.8.1 | 5.46 | 62.87 | 68.33 | OK | |
r-devel-linux-x86_64-fedora-clang | 0.8.1 | 112.88 | OK | |||
r-devel-linux-x86_64-fedora-gcc | 0.8.1 | 145.06 | OK | |||
r-devel-windows-x86_64 | 0.8.1 | 8.00 | 103.00 | 111.00 | OK | |
r-patched-linux-x86_64 | 0.8.1 | 5.78 | 80.64 | 86.42 | OK | |
r-release-linux-x86_64 | 0.8.1 | 5.27 | 79.49 | 84.76 | OK | |
r-release-macos-arm64 | 0.8.1 | 73.00 | OK | |||
r-release-windows-x86_64 | 0.8.1 | 7.00 | 299.00 | 306.00 | ERROR | |
r-oldrel-macos-arm64 | 0.8.1 | 61.00 | OK | |||
r-oldrel-macos-x86_64 | 0.8.1 | 189.00 | OK | |||
r-oldrel-windows-x86_64 | 0.8.1 | 10.00 | 109.00 | 119.00 | OK |
Version: 0.8.1
Check: examples
Result: ERROR
Running examples in ‘rdhs-Ex.R’ failed
The error most likely occurred in:
> base::assign(".ptime", proc.time(), pos = "CheckExEnv")
> ### Name: read_dhs_flat
> ### Title: Read DHS flat file data set
> ### Aliases: read_dhs_flat
>
> ### ** Examples
>
> mrfl_zip <- tempfile()
> download.file("https://dhsprogram.com/data/model_data/dhs/zzmr61fl.zip",
+ mrfl_zip,mode="wb")
trying URL 'https://dhsprogram.com/data/model_data/dhs/zzmr61fl.zip'
Warning in download.file("https://dhsprogram.com/data/model_data/dhs/zzmr61fl.zip", :
URL 'https://dhsprogram.com/data/model_data/dhs/zzmr61fl.zip': Timeout of 60 seconds was reached
Error in download.file("https://dhsprogram.com/data/model_data/dhs/zzmr61fl.zip", :
cannot open URL 'https://dhsprogram.com/data/model_data/dhs/zzmr61fl.zip'
Execution halted
Flavor: r-devel-linux-x86_64-debian-clang
Version: 0.8.1
Check: examples
Result: ERROR
Running examples in 'rdhs-Ex.R' failed
The error most likely occurred in:
> ### Name: parse_meta
> ### Title: Parse fixed-width file metadata
> ### Aliases: parse_meta parse_dcf parse_sps parse_do
>
> ### ** Examples
>
> mrfl_zip <- tempfile()
> download.file("https://dhsprogram.com/data/model_data/dhs/zzmr61fl.zip",
+ mrfl_zip, mode = "wb")
trying URL 'https://dhsprogram.com/data/model_data/dhs/zzmr61fl.zip'
Warning in download.file("https://dhsprogram.com/data/model_data/dhs/zzmr61fl.zip", :
URL 'https://dhsprogram.com/data/model_data/dhs/zzmr61fl.zip': Timeout of 60 seconds was reached
Error in download.file("https://dhsprogram.com/data/model_data/dhs/zzmr61fl.zip", :
cannot open URL 'https://dhsprogram.com/data/model_data/dhs/zzmr61fl.zip'
Execution halted
Flavor: r-release-windows-x86_64
Version: 0.8.1
Check: tests
Result: ERROR
Running 'testthat.R' [107s]
Running the tests in 'tests/testthat.R' failed.
Complete output:
> library(testthat)
> library(rdhs)
Thank you for using rdhs. If you are using rdhs regularly
or for automated tasks, please register for your own API key by
emailing api@dhsprogram.com.
More info at <https://api.dhsprogram.com/#/introdevelop.html>
>
> Sys.setenv("rdhs_RENVIRON_PERMISSION" = 1)
> test_check("rdhs")
trying URL 'https://dhsprogram.com/data/model_data/dhs/zzmr61fl.zip'
trying URL 'https://dhsprogram.com/data/model_data/hiv/zzar61fl.zip'
Content type 'application/x-zip-compressed' length 81939 bytes (80 KB)
==================================================
downloaded 80 KB
[ FAIL 1 | WARN 1 | SKIP 47 | PASS 19 ]
══ Skipped tests (47) ══════════════════════════════════════════════════════════
• DHS has removed this file (possibly because of what it tested (1):
'test_downloads.R:130:3'
• On CRAN (44): 'test_api_calls.R:4:3', 'test_api_endpoints.R:8:3',
'test_api_endpoints.R:116:3', 'test_api_endpoints.R:140:3',
'test_api_endpoints.R:179:3', 'test_api_endpoints.R:193:3',
'test_api_endpoints.R:211:3', 'test_api_endpoints.R:238:3',
'test_api_endpoints.R:252:3', 'test_api_endpoints.R:279:3',
'test_api_endpoints.R:301:3', 'test_api_endpoints.R:322:3',
'test_api_endpoints.R:336:3', 'test_authentication.R:4:3',
'test_authentication.R:23:3', 'test_authentication.R:49:3',
'test_client_set_up.R:4:3', 'test_client_set_up.R:29:3',
'test_downloads.R:4:3', 'test_downloads.R:141:3', 'test_downloads.R:151:3',
'test_downloads.R:166:3', 'test_downloads.R:188:3', 'test_downloads.R:211:3',
'test_downloads.R:226:3', 'test_extraction.R:4:3', 'test_extraction.R:108:3',
'test_extraction.R:125:3', 'test_extraction.R:200:3',
'test_miscellaneous.R:37:3', 'test_miscellaneous.R:95:3',
'test_miscellaneous.R:131:3', 'test_read_dhs_flat.R:68:3',
'test_spatial_boundaries.R:4:3', 'test_spatial_boundaries.R:47:3',
'test_ui.R:4:3', 'test_ui.R:37:3', 'test_ui.R:66:3', 'test_ui.R:96:3',
'test_ui.R:106:3', 'test_ui.R:117:3', 'test_ui.R:127:3', 'test_ui.R:145:3',
'test_ui.R:167:3'
• empty test (1): 'test_api_endpoints.R:346:1'
• geojson test too heavy an API test (1): 'test_api_endpoints.R:79:3'
══ Failed tests ════════════════════════════════════════════════════════════════
── Error ('test_read_dhs_flat.R:6:3'): datasets parse ──────────────────────────
Error in `download.file("https://dhsprogram.com/data/model_data/dhs/zzmr61fl.zip",
destfile = mrfl_zip, mode = "wb")`: cannot open URL 'https://dhsprogram.com/data/model_data/dhs/zzmr61fl.zip'
Backtrace:
▆
1. └─utils::download.file(...) at test_read_dhs_flat.R:6:3
[ FAIL 1 | WARN 1 | SKIP 47 | PASS 19 ]
Error: Test failures
Execution halted
Flavor: r-release-windows-x86_64