Last updated on 2024-05-07 12:56:22 CEST.
Flavor | Version | Tinstall | Tcheck | Ttotal | Status | Flags |
---|---|---|---|---|---|---|
r-devel-linux-x86_64-debian-clang | 0.2.2 | 2.01 | 23.03 | 25.04 | NOTE | |
r-devel-linux-x86_64-debian-gcc | 0.2.2 | 1.76 | 18.23 | 19.99 | NOTE | |
r-devel-linux-x86_64-fedora-clang | 0.2.2 | 32.47 | NOTE | |||
r-devel-linux-x86_64-fedora-gcc | 0.2.2 | 39.54 | NOTE | |||
r-devel-windows-x86_64 | 0.2.2 | 3.00 | 39.00 | 42.00 | NOTE | |
r-patched-linux-x86_64 | 0.2.2 | 2.34 | 22.91 | 25.25 | NOTE | |
r-release-linux-x86_64 | 0.2.2 | 2.28 | 22.68 | 24.96 | NOTE | |
r-release-macos-arm64 | 0.2.2 | 16.00 | NOTE | |||
r-release-windows-x86_64 | 0.2.2 | 4.00 | 40.00 | 44.00 | NOTE | |
r-oldrel-macos-arm64 | 0.2.2 | 15.00 | NOTE | |||
r-oldrel-macos-x86_64 | 0.2.2 | 19.00 | NOTE | |||
r-oldrel-windows-x86_64 | 0.2.2 | 4.00 | 39.00 | 43.00 | NOTE |
Version: 0.2.2
Check: LazyData
Result: NOTE
'LazyData' is specified without a 'data' directory
Flavors: r-devel-linux-x86_64-debian-clang, r-devel-linux-x86_64-debian-gcc, r-devel-linux-x86_64-fedora-clang, r-devel-linux-x86_64-fedora-gcc, r-devel-windows-x86_64, r-patched-linux-x86_64, r-release-linux-x86_64, r-release-macos-arm64, r-release-windows-x86_64, r-oldrel-macos-arm64, r-oldrel-macos-x86_64, r-oldrel-windows-x86_64