Last updated on 2024-05-07 12:56:23 CEST.
Flavor | Version | Tinstall | Tcheck | Ttotal | Status | Flags |
---|---|---|---|---|---|---|
r-devel-linux-x86_64-debian-clang | 1.2-7 | 8.12 | 73.56 | 81.68 | OK | |
r-devel-linux-x86_64-debian-gcc | 1.2-7 | 8.15 | 56.34 | 64.49 | OK | |
r-devel-linux-x86_64-fedora-clang | 1.2-7 | 98.90 | NOTE | |||
r-devel-linux-x86_64-fedora-gcc | 1.2-7 | 146.75 | OK | |||
r-devel-windows-x86_64 | 1.2-7 | 13.00 | 95.00 | 108.00 | OK | |
r-patched-linux-x86_64 | 1.2-7 | 9.32 | 72.05 | 81.37 | OK | |
r-release-linux-x86_64 | 1.2-7 | 10.01 | 69.04 | 79.05 | OK | |
r-release-macos-arm64 | 1.2-7 | 35.00 | OK | |||
r-release-windows-x86_64 | 1.2-7 | 13.00 | 73.00 | 86.00 | OK | |
r-oldrel-macos-arm64 | 1.2-7 | 38.00 | OK | |||
r-oldrel-macos-x86_64 | 1.2-7 | 86.00 | OK | |||
r-oldrel-windows-x86_64 | 1.2-7 | 12.00 | 86.00 | 98.00 | OK |
Version: 1.2-7
Check: Rd cross-references
Result: NOTE
Undeclared package ‘monomvn’ in Rd xrefs
Flavor: r-devel-linux-x86_64-fedora-clang