Last updated on 2024-05-08 00:49:57 CEST.
Flavor | Version | Tinstall | Tcheck | Ttotal | Status | Flags |
---|---|---|---|---|---|---|
r-devel-linux-x86_64-debian-clang | 1.0.14 | 187.58 | 102.75 | 290.33 | OK | |
r-devel-linux-x86_64-debian-gcc | 1.0.14 | 157.76 | 80.66 | 238.42 | OK | |
r-devel-linux-x86_64-fedora-clang | 1.0.14 | 388.77 | OK | |||
r-devel-linux-x86_64-fedora-gcc | 1.0.14 | 516.74 | OK | |||
r-devel-windows-x86_64 | 1.0.14 | 139.00 | 133.00 | 272.00 | OK | |
r-patched-linux-x86_64 | 1.0.14 | 191.82 | 104.64 | 296.46 | OK | |
r-release-linux-x86_64 | 1.0.14 | 203.60 | 105.30 | 308.90 | OK | |
r-release-macos-arm64 | 1.0.14 | 91.00 | NOTE | |||
r-release-windows-x86_64 | 1.0.14 | 132.00 | 131.00 | 263.00 | OK | |
r-oldrel-macos-arm64 | 1.0.14 | 96.00 | NOTE | |||
r-oldrel-macos-x86_64 | 1.0.14 | 143.00 | NOTE | |||
r-oldrel-windows-x86_64 | 1.0.14 | 169.00 | 151.00 | 320.00 | OK |
Version: 1.0.14
Check: installed package size
Result: NOTE
installed size is 26.6Mb
sub-directories of 1Mb or more:
libs 25.7Mb
Flavors: r-release-macos-arm64, r-oldrel-macos-arm64, r-oldrel-macos-x86_64