Last updated on 2024-05-08 00:49:57 CEST.
Flavor | Version | Tinstall | Tcheck | Ttotal | Status | Flags |
---|---|---|---|---|---|---|
r-devel-linux-x86_64-debian-clang | 0.5.2 | 2.79 | 25.76 | 28.55 | ERROR | |
r-devel-linux-x86_64-debian-gcc | 0.5.2 | 1.82 | 54.67 | 56.49 | OK | |
r-devel-linux-x86_64-fedora-clang | 0.5.2 | 38.68 | OK | |||
r-devel-linux-x86_64-fedora-gcc | 0.5.2 | 41.50 | OK | |||
r-patched-linux-x86_64 | 0.5.0 | 2.48 | 24.13 | 26.61 | ERROR | |
r-release-linux-x86_64 | 0.5.1 | 2.23 | 24.73 | 26.96 | ERROR | |
r-release-macos-arm64 | 0.5.2 | 20.00 | ERROR | |||
r-release-macos-x86_64 | 0.5.2 | 41.00 | ERROR | |||
r-oldrel-macos-arm64 | 0.5.2 | 26.00 | ERROR | |||
r-oldrel-macos-x86_64 | 0.5.2 | 40.00 | ERROR |
Version: 0.5.2
Check: tests
Result: ERROR
Running ‘tinytest.R’ [0s/1s]
Running the tests in ‘tests/tinytest.R’ failed.
Complete output:
> tmp_user_dir <- tempdir()
> Sys.setenv(RSPM_USER_DIR=tmp_user_dir)
>
> if (requireNamespace("tinytest", quietly=TRUE)) {
+ home <- identical(Sys.getenv("CI"), "true")
+ tinytest::test_package("rspm", at_home=home)
+ }
test_integration.R............ 0 tests
test_integration.R............ 1 tests <1b>[0;32mOK<1b>[0m
test_integration.R............ 2 tests <1b>[0;32mOK<1b>[0m
test_integration.R............ 2 tests <1b>[0;32mOK<1b>[0m
test_integration.R............ 3 tests <1b>[0;32mOK<1b>[0m Error: please, install the following required utilities: apt-file
Execution halted
Flavor: r-devel-linux-x86_64-debian-clang
Version: 0.5.0
Check: tests
Result: ERROR
Running ‘tinytest.R’ [0s/1s]
Running the tests in ‘tests/tinytest.R’ failed.
Complete output:
> tmp_user_dir <- tempdir()
> Sys.setenv(RSPM_USER_DIR=tmp_user_dir)
>
> if (requireNamespace("tinytest", quietly=TRUE)) {
+ home <- identical(Sys.getenv("CI"), "true")
+ tinytest::test_package("rspm", at_home=home)
+ }
You are using 'tinytest::' to express test expectations.
The results from these tests are not collected. Found the following occurrences:
> test_integration.R#002: tinytest::expect_match
Remove the 'tinytest::' prefix to register the test results.FALSE
test_integration.R............ 0 tests
test_integration.R............ 1 tests <1b>[0;32mOK<1b>[0m
test_integration.R............ 2 tests <1b>[0;32mOK<1b>[0m
test_integration.R............ 2 tests <1b>[0;32mOK<1b>[0m
test_integration.R............ 3 tests <1b>[0;32mOK<1b>[0m Error: please, install the following required utilities: apt-file
Execution halted
Flavor: r-patched-linux-x86_64
Version: 0.5.1
Check: tests
Result: ERROR
Running ‘tinytest.R’ [0s/1s]
Running the tests in ‘tests/tinytest.R’ failed.
Complete output:
> tmp_user_dir <- tempdir()
> Sys.setenv(RSPM_USER_DIR=tmp_user_dir)
>
> if (requireNamespace("tinytest", quietly=TRUE)) {
+ home <- identical(Sys.getenv("CI"), "true")
+ tinytest::test_package("rspm", at_home=home)
+ }
test_integration.R............ 0 tests
test_integration.R............ 1 tests <1b>[0;32mOK<1b>[0m
test_integration.R............ 2 tests <1b>[0;32mOK<1b>[0m
test_integration.R............ 2 tests <1b>[0;32mOK<1b>[0m
test_integration.R............ 3 tests <1b>[0;32mOK<1b>[0m Error: please, install the following required utilities: apt-file
Execution halted
Flavor: r-release-linux-x86_64
Version: 0.5.2
Check: tests
Result: ERROR
Running ‘tinytest.R’ [1s/1s]
Running the tests in ‘tests/tinytest.R’ failed.
Last 13 lines of output:
test_renv.R................... 0 tests
test_renv.R................... 1 tests <1b>[0;32mOK<1b>[0m
test_renv.R................... 1 tests <1b>[0;32mOK<1b>[0m
test_renv.R................... 2 tests <1b>[0;32mOK<1b>[0m
test_renv.R................... 2 tests <1b>[0;32mOK<1b>[0m
test_renv.R................... 2 tests <1b>[0;32mOK<1b>[0m <1b>[0;34m1.2s<1b>[0m
----- FAILED[data]: test_integration.R<1--4>
call| expect_true(grepl(e$message, "OS not supported"))
diff| Expected TRUE, got FALSE
Error: 1 out of 3 tests failed
In addition: Warning message:
In file(file, "rt") :
cannot open file '/etc/os-release': No such file or directory
Execution halted
Flavor: r-release-macos-arm64
Version: 0.5.2
Check: tests
Result: ERROR
Running ‘tinytest.R’ [2s/4s]
Running the tests in ‘tests/tinytest.R’ failed.
Last 13 lines of output:
test_renv.R................... 0 tests
test_renv.R................... 1 tests <1b>[0;32mOK<1b>[0m
test_renv.R................... 1 tests <1b>[0;32mOK<1b>[0m
test_renv.R................... 2 tests <1b>[0;32mOK<1b>[0m
test_renv.R................... 2 tests <1b>[0;32mOK<1b>[0m
test_renv.R................... 2 tests <1b>[0;32mOK<1b>[0m <1b>[0;34m3.6s<1b>[0m
----- FAILED[data]: test_integration.R<1--4>
call| expect_true(grepl(e$message, "OS not supported"))
diff| Expected TRUE, got FALSE
Error: 1 out of 3 tests failed
In addition: Warning message:
In file(file, "rt") :
cannot open file '/etc/os-release': No such file or directory
Execution halted
Flavor: r-release-macos-x86_64
Version: 0.5.2
Check: tests
Result: ERROR
Running ‘tinytest.R’ [1s/2s]
Running the tests in ‘tests/tinytest.R’ failed.
Last 13 lines of output:
test_renv.R................... 0 tests
test_renv.R................... 1 tests <1b>[0;32mOK<1b>[0m
test_renv.R................... 1 tests <1b>[0;32mOK<1b>[0m
test_renv.R................... 2 tests <1b>[0;32mOK<1b>[0m
test_renv.R................... 2 tests <1b>[0;32mOK<1b>[0m
test_renv.R................... 2 tests <1b>[0;32mOK<1b>[0m <1b>[0;34m1.4s<1b>[0m
----- FAILED[data]: test_integration.R<1--4>
call| expect_true(grepl(e$message, "OS not supported"))
diff| Expected TRUE, got FALSE
Error: 1 out of 3 tests failed
In addition: Warning message:
In file(file, "rt") :
cannot open file '/etc/os-release': No such file or directory
Execution halted
Flavor: r-oldrel-macos-arm64
Version: 0.5.2
Check: tests
Result: ERROR
Running ‘tinytest.R’ [2s/5s]
Running the tests in ‘tests/tinytest.R’ failed.
Last 13 lines of output:
test_renv.R................... 0 tests
test_renv.R................... 1 tests <1b>[0;32mOK<1b>[0m
test_renv.R................... 1 tests <1b>[0;32mOK<1b>[0m
test_renv.R................... 2 tests <1b>[0;32mOK<1b>[0m
test_renv.R................... 2 tests <1b>[0;32mOK<1b>[0m
test_renv.R................... 2 tests <1b>[0;32mOK<1b>[0m <1b>[0;34m3.9s<1b>[0m
----- FAILED[data]: test_integration.R<1--4>
call| expect_true(grepl(e$message, "OS not supported"))
diff| Expected TRUE, got FALSE
Error: 1 out of 3 tests failed
In addition: Warning message:
In file(file, "rt") :
cannot open file '/etc/os-release': No such file or directory
Execution halted
Flavor: r-oldrel-macos-x86_64