Last updated on 2024-05-08 00:49:58 CEST.
Flavor | Version | Tinstall | Tcheck | Ttotal | Status | Flags |
---|---|---|---|---|---|---|
r-devel-linux-x86_64-debian-clang | 1.10 | 3.23 | 24.75 | 27.98 | NOTE | |
r-devel-linux-x86_64-debian-gcc | 1.10 | 1.71 | 19.16 | 20.87 | NOTE | |
r-devel-linux-x86_64-fedora-clang | 1.10 | 36.36 | NOTE | |||
r-devel-linux-x86_64-fedora-gcc | 1.10 | 35.68 | NOTE | |||
r-devel-windows-x86_64 | 1.10 | 3.00 | 42.00 | 45.00 | NOTE | |
r-patched-linux-x86_64 | 1.10 | 3.40 | 24.63 | 28.03 | NOTE | |
r-release-linux-x86_64 | 1.10 | 2.01 | 24.44 | 26.45 | NOTE | |
r-release-macos-arm64 | 1.10 | 14.00 | NOTE | |||
r-release-windows-x86_64 | 1.10 | 3.00 | 42.00 | 45.00 | NOTE | |
r-oldrel-macos-arm64 | 1.10 | 16.00 | OK | |||
r-oldrel-macos-x86_64 | 1.10 | 21.00 | OK | |||
r-oldrel-windows-x86_64 | 1.10 | 3.00 | 44.00 | 47.00 | OK |
Version: 1.10
Check: Rd files
Result: NOTE
checkRd: (-1) schoRsch.Rd:21: Lost braces in \itemize; meant \describe ?
checkRd: (-1) schoRsch.Rd:22: Lost braces in \itemize; meant \describe ?
checkRd: (-1) schoRsch.Rd:23: Lost braces in \itemize; meant \describe ?
checkRd: (-1) schoRsch.Rd:24: Lost braces in \itemize; meant \describe ?
checkRd: (-1) schoRsch.Rd:25: Lost braces in \itemize; meant \describe ?
checkRd: (-1) schoRsch.Rd:26: Lost braces in \itemize; meant \describe ?
checkRd: (-1) schoRsch.Rd:27: Lost braces in \itemize; meant \describe ?
checkRd: (-1) schoRsch.Rd:28: Lost braces in \itemize; meant \describe ?
checkRd: (-1) schoRsch.Rd:29: Lost braces in \itemize; meant \describe ?
checkRd: (-1) schoRsch.Rd:30: Lost braces in \itemize; meant \describe ?
checkRd: (-1) schoRsch.Rd:31: Lost braces in \itemize; meant \describe ?
checkRd: (-1) schoRsch.Rd:35: Lost braces in \itemize; meant \describe ?
checkRd: (-1) schoRsch.Rd:36: Lost braces in \itemize; meant \describe ?
checkRd: (-1) schoRsch.Rd:37: Lost braces in \itemize; meant \describe ?
checkRd: (-1) schoRsch.Rd:38: Lost braces in \itemize; meant \describe ?
checkRd: (-1) schoRsch.Rd:39: Lost braces in \itemize; meant \describe ?
checkRd: (-1) schoRsch.Rd:40: Lost braces in \itemize; meant \describe ?
checkRd: (-1) schoRsch.Rd:41: Lost braces in \itemize; meant \describe ?
checkRd: (-1) schoRsch.Rd:42: Lost braces in \itemize; meant \describe ?
checkRd: (-1) schoRsch.Rd:43: Lost braces in \itemize; meant \describe ?
checkRd: (-1) schoRsch.Rd:44: Lost braces in \itemize; meant \describe ?
checkRd: (-1) schoRsch.Rd:45: Lost braces in \itemize; meant \describe ?
Flavors: r-devel-linux-x86_64-debian-clang, r-devel-linux-x86_64-debian-gcc, r-devel-linux-x86_64-fedora-clang, r-devel-linux-x86_64-fedora-gcc, r-devel-windows-x86_64, r-patched-linux-x86_64, r-release-linux-x86_64, r-release-macos-arm64, r-release-windows-x86_64