Last updated on 2024-05-07 12:56:26 CEST.
Flavor | Version | Tinstall | Tcheck | Ttotal | Status | Flags |
---|---|---|---|---|---|---|
r-devel-linux-x86_64-debian-clang | 0.32.6 | 97.48 | 182.02 | 279.50 | OK | |
r-devel-linux-x86_64-debian-gcc | 0.32.6 | 79.51 | 134.13 | 213.64 | OK | |
r-devel-linux-x86_64-fedora-clang | 0.32.6 | 385.57 | OK | |||
r-devel-linux-x86_64-fedora-gcc | 0.32.6 | 439.69 | OK | |||
r-devel-windows-x86_64 | 0.32.6 | 86.00 | 167.00 | 253.00 | OK | |
r-patched-linux-x86_64 | 0.32.6 | 95.71 | 171.40 | 267.11 | OK | |
r-release-linux-x86_64 | 0.32.6 | 67.27 | 169.65 | 236.92 | OK | |
r-release-macos-arm64 | 0.32.6 | 93.00 | NOTE | |||
r-release-windows-x86_64 | 0.32.6 | 89.00 | 168.00 | 257.00 | OK | |
r-oldrel-macos-arm64 | 0.32.6 | 95.00 | NOTE | |||
r-oldrel-macos-x86_64 | 0.32.6 | 186.00 | NOTE | |||
r-oldrel-windows-x86_64 | 0.32.6 | 112.00 | 207.00 | 319.00 | OK |
Version: 0.32.6
Check: installed package size
Result: NOTE
installed size is 7.7Mb
sub-directories of 1Mb or more:
R 2.1Mb
libs 5.3Mb
Flavors: r-release-macos-arm64, r-oldrel-macos-arm64, r-oldrel-macos-x86_64