Last updated on 2024-05-07 12:56:26 CEST.
Flavor | Version | Tinstall | Tcheck | Ttotal | Status | Flags |
---|---|---|---|---|---|---|
r-devel-linux-x86_64-debian-clang | 1.8 | 18.01 | 124.58 | 142.59 | OK | |
r-devel-linux-x86_64-debian-gcc | 1.8 | 12.81 | 94.61 | 107.42 | OK | |
r-devel-linux-x86_64-fedora-clang | 1.8 | 186.98 | OK | |||
r-devel-linux-x86_64-fedora-gcc | 1.8 | 229.06 | OK | |||
r-devel-windows-x86_64 | 1.8 | 13.00 | 107.00 | 120.00 | OK | |
r-patched-linux-x86_64 | 1.8 | 22.57 | 111.50 | 134.07 | OK | |
r-release-linux-x86_64 | 1.8 | 9.31 | 123.07 | 132.38 | OK | |
r-release-macos-arm64 | 1.8 | 47.00 | OK | |||
r-release-macos-x86_64 | 1.8 | 145.00 | OK | |||
r-release-windows-x86_64 | 1.8 | 9.00 | 5.00 | 14.00 | ERROR | |
r-oldrel-macos-arm64 | 1.8 | 55.00 | OK | |||
r-oldrel-macos-x86_64 | 1.8 | 152.00 | OK | |||
r-oldrel-windows-x86_64 | 1.8 | 12.00 | 132.00 | 144.00 | OK |
Version: 1.8
Check: whether package can be installed
Result: ERROR
Installation failed.
Flavor: r-release-windows-x86_64