Last updated on 2024-05-07 12:56:26 CEST.
Flavor | Version | Tinstall | Tcheck | Ttotal | Status | Flags |
---|---|---|---|---|---|---|
r-devel-linux-x86_64-debian-clang | 0.3.2 | 2.27 | 22.73 | 25.00 | OK | |
r-devel-linux-x86_64-debian-gcc | 0.3.2 | 1.80 | 17.20 | 19.00 | OK | |
r-devel-linux-x86_64-fedora-clang | 0.3.2 | 31.30 | NOTE | |||
r-devel-linux-x86_64-fedora-gcc | 0.3.2 | 37.47 | NOTE | |||
r-devel-windows-x86_64 | 0.3.2 | 3.00 | 39.00 | 42.00 | OK | |
r-patched-linux-x86_64 | 0.3.2 | 2.12 | 22.07 | 24.19 | OK | |
r-release-linux-x86_64 | 0.3.2 | 2.27 | 21.97 | 24.24 | OK | |
r-release-macos-arm64 | 0.3.2 | 16.00 | OK | |||
r-release-windows-x86_64 | 0.3.2 | 3.00 | 39.00 | 42.00 | OK | |
r-oldrel-macos-arm64 | 0.3.2 | 19.00 | OK | |||
r-oldrel-macos-x86_64 | 0.3.2 | 20.00 | OK | |||
r-oldrel-windows-x86_64 | 0.3.2 | 4.00 | 38.00 | 42.00 | OK |
Version: 0.3.2
Check: dependencies in R code
Result: NOTE
Namespace in Imports field not imported from: ‘markdown’
All declared Imports should be used.
Flavors: r-devel-linux-x86_64-fedora-clang, r-devel-linux-x86_64-fedora-gcc