Last updated on 2024-05-03 01:51:36 CEST.
Flavor | Version | Tinstall | Tcheck | Ttotal | Status | Flags |
---|---|---|---|---|---|---|
r-devel-linux-x86_64-debian-clang | 0.0.2 | 8.28 | 123.13 | 131.41 | NOTE | |
r-devel-linux-x86_64-debian-gcc | 0.0.2 | 5.11 | 89.03 | 94.14 | NOTE | |
r-devel-linux-x86_64-fedora-clang | 0.0.2 | 157.20 | NOTE | |||
r-devel-linux-x86_64-fedora-gcc | 0.0.2 | 165.85 | NOTE | |||
r-devel-windows-x86_64 | 0.0.2 | 8.00 | 109.00 | 117.00 | NOTE | |
r-patched-linux-x86_64 | 0.0.2 | 7.87 | 119.02 | 126.89 | NOTE | |
r-release-linux-x86_64 | 0.0.2 | 6.65 | 120.13 | 126.78 | NOTE | |
r-release-macos-arm64 | 0.0.2 | 42.00 | NOTE | |||
r-release-windows-x86_64 | 0.0.2 | 7.00 | 111.00 | 118.00 | NOTE | |
r-oldrel-macos-arm64 | 0.0.2 | 47.00 | OK | |||
r-oldrel-macos-x86_64 | 0.0.2 | 158.00 | OK | |||
r-oldrel-windows-x86_64 | 0.0.2 | 9.00 | 131.00 | 140.00 | OK |
Version: 0.0.2
Check: Rd files
Result: NOTE
checkRd: (-1) sk_GLS.Rd:34: Lost braces; missing escapes or markup?
34 | The GLS solution is: b = ( X^T V^{-1} X )^{-1} X^T V^{-1} z,
| ^
checkRd: (-1) sk_GLS.Rd:34: Lost braces; missing escapes or markup?
34 | The GLS solution is: b = ( X^T V^{-1} X )^{-1} X^T V^{-1} z,
| ^
checkRd: (-1) sk_GLS.Rd:34: Lost braces; missing escapes or markup?
34 | The GLS solution is: b = ( X^T V^{-1} X )^{-1} X^T V^{-1} z,
| ^
checkRd: (-1) sk_GLS.Rd:40: Lost braces; missing escapes or markup?
40 | Operations with V^{-1} are computed using the factorization \code{fac} (see \code{sk_var}), or
| ^
checkRd: (-1) sk_LL.Rd:37: Lost braces; missing escapes or markup?
37 | \code{quad_form} is z^T V^{-1} z, for the observed response vector z, which is constructed
| ^
checkRd: (-1) sk_var.Rd:41: Lost braces; missing escapes or markup?
41 | returns the quadratic form X^T V^{-1} X.
| ^
checkRd: (-1) sk_var.Rd:33: Lost braces; missing escapes or markup?
33 | either matrix \code{V}, or X^T V^{-1} X, or a factorization ('chol' or 'eigen')
| ^
Flavors: r-devel-linux-x86_64-debian-clang, r-devel-linux-x86_64-debian-gcc, r-devel-linux-x86_64-fedora-clang, r-devel-linux-x86_64-fedora-gcc, r-devel-windows-x86_64, r-patched-linux-x86_64, r-release-linux-x86_64, r-release-macos-arm64, r-release-windows-x86_64