Last updated on 2024-05-07 12:56:28 CEST.
Flavor | Version | Tinstall | Tcheck | Ttotal | Status | Flags |
---|---|---|---|---|---|---|
r-devel-linux-x86_64-debian-clang | 0.7.1 | 3.08 | 53.82 | 56.90 | NOTE | --no-vignettes |
r-devel-linux-x86_64-debian-gcc | 0.7.1 | 2.46 | 38.02 | 40.48 | NOTE | --no-vignettes |
r-devel-linux-x86_64-fedora-clang | 0.7.1 | 1736.83 | NOTE | |||
r-devel-linux-x86_64-fedora-gcc | 0.7.1 | 1741.75 | NOTE | |||
r-devel-windows-x86_64 | 0.7.1 | 3.00 | 848.00 | 851.00 | NOTE | |
r-patched-linux-x86_64 | 0.7.1 | 4.32 | 49.40 | 53.72 | NOTE | --no-vignettes |
r-release-linux-x86_64 | 0.7.1 | 2.84 | 49.57 | 52.41 | NOTE | --no-vignettes |
r-release-macos-arm64 | 0.7.1 | 277.00 | NOTE | |||
r-release-windows-x86_64 | 0.7.1 | 4.00 | 828.00 | 832.00 | NOTE | |
r-oldrel-macos-arm64 | 0.7.1 | 314.00 | NOTE | |||
r-oldrel-macos-x86_64 | 0.7.1 | 714.00 | NOTE | |||
r-oldrel-windows-x86_64 | 0.7.1 | 5.00 | 1386.00 | 1391.00 | NOTE |
Version: 0.7.1
Flags: --no-vignettes
Check: LazyData
Result: NOTE
'LazyData' is specified without a 'data' directory
Flavors: r-devel-linux-x86_64-debian-clang, r-devel-linux-x86_64-debian-gcc, r-patched-linux-x86_64, r-release-linux-x86_64
Version: 0.7.1
Check: LazyData
Result: NOTE
'LazyData' is specified without a 'data' directory
Flavors: r-devel-linux-x86_64-fedora-clang, r-devel-linux-x86_64-fedora-gcc, r-devel-windows-x86_64, r-release-macos-arm64, r-release-windows-x86_64, r-oldrel-macos-arm64, r-oldrel-macos-x86_64, r-oldrel-windows-x86_64