Last updated on 2024-05-07 01:53:30 CEST.
Flavor | Version | Tinstall | Tcheck | Ttotal | Status | Flags |
---|---|---|---|---|---|---|
r-devel-linux-x86_64-debian-clang | 1.7.12 | 276.70 | 492.27 | 768.97 | OK | |
r-devel-linux-x86_64-debian-gcc | 1.7.12 | 192.38 | 328.79 | 521.17 | OK | |
r-devel-linux-x86_64-fedora-clang | 1.7.12 | 968.41 | OK | |||
r-devel-linux-x86_64-fedora-gcc | 1.7.12 | 1004.55 | OK | |||
r-devel-windows-x86_64 | 1.7.12 | 189.00 | 351.00 | 540.00 | OK | |
r-patched-linux-x86_64 | 1.7.12 | 174.69 | 452.13 | 626.82 | OK | |
r-release-linux-x86_64 | 1.7.12 | 181.97 | 450.13 | 632.10 | OK | |
r-release-macos-arm64 | 1.7.12 | 202.00 | NOTE | |||
r-release-windows-x86_64 | 1.7.12 | 185.00 | 343.00 | 528.00 | OK | |
r-oldrel-macos-arm64 | 1.7.12 | 238.00 | NOTE | |||
r-oldrel-macos-x86_64 | 1.7.12 | 502.00 | NOTE | |||
r-oldrel-windows-x86_64 | 1.7.12 | 236.00 | 429.00 | 665.00 | OK |
Version: 1.7.12
Check: installed package size
Result: NOTE
installed size is 9.0Mb
sub-directories of 1Mb or more:
libs 6.7Mb
Flavors: r-release-macos-arm64, r-oldrel-macos-arm64, r-oldrel-macos-x86_64